Last updated on 2023-02-04 05:52:46 CET.
Flavor | Version | Tinstall | Tcheck | Ttotal | Status | Flags |
---|---|---|---|---|---|---|
r-devel-linux-x86_64-debian-clang | 1.8 | 15.15 | 233.77 | 248.92 | OK | |
r-devel-linux-x86_64-debian-gcc | 1.8 | 11.87 | 170.84 | 182.71 | OK | |
r-devel-linux-x86_64-fedora-clang | 1.8 | 296.86 | NOTE | |||
r-devel-linux-x86_64-fedora-gcc | 1.8 | 301.95 | OK | |||
r-devel-windows-x86_64 | 1.8 | 153.00 | 311.00 | 464.00 | NOTE | |
r-patched-linux-x86_64 | 1.8 | 14.27 | 212.78 | 227.05 | OK | |
r-release-linux-x86_64 | 1.8 | 10.93 | 206.29 | 217.22 | OK | |
r-release-macos-arm64 | 1.8 | 84.00 | NOTE | |||
r-release-macos-x86_64 | 1.8 | 126.00 | NOTE | |||
r-release-windows-x86_64 | 1.8 | 176.00 | 296.00 | 472.00 | NOTE | |
r-oldrel-macos-arm64 | 1.8 | 79.00 | NOTE | |||
r-oldrel-macos-x86_64 | 1.8 | 132.00 | NOTE | |||
r-oldrel-windows-ix86+x86_64 | 1.8 | 36.00 | 282.00 | 318.00 | NOTE |
Version: 1.8
Check: installed package size
Result: NOTE
installed size is 7.2Mb
sub-directories of 1Mb or more:
doc 5.8Mb
Flavors: r-devel-linux-x86_64-fedora-clang, r-devel-windows-x86_64, r-release-macos-arm64, r-release-macos-x86_64, r-release-windows-x86_64, r-oldrel-macos-arm64, r-oldrel-macos-x86_64, r-oldrel-windows-ix86+x86_64
Version: 1.8
Check: Rd cross-references
Result: NOTE
Undeclared package ‘RCurl’ in Rd xrefs
Flavor: r-devel-linux-x86_64-fedora-clang