CRAN Package Check Results for Package AssayCorrector

Last updated on 2019-08-24 05:46:52 CEST.

Flavor Version Tinstall Tcheck Ttotal Status Flags
r-devel-linux-x86_64-debian-clang 2.0.0 3.32 40.23 43.55 OK
r-devel-linux-x86_64-debian-gcc 2.0.0 2.92 30.74 33.66 OK
r-devel-linux-x86_64-fedora-clang 2.0.0 53.22 OK
r-devel-linux-x86_64-fedora-gcc 2.0.0 53.24 OK
r-devel-windows-ix86+x86_64 2.0.0 11.00 52.00 63.00 OK
r-patched-linux-x86_64 2.0.0 2.93 39.49 42.42 OK
r-patched-solaris-x86 2.0.0 71.90 OK
r-release-linux-x86_64 2.0.0 3.17 39.30 42.47 OK
r-release-windows-ix86+x86_64 2.0.0 19.00 75.00 94.00 OK
r-release-osx-x86_64 2.0.0 ERROR
r-oldrel-windows-ix86+x86_64 2.0.0 10.00 73.00 83.00 OK
r-oldrel-osx-x86_64 2.0.0 OK

Check Details

Version: 2.0.0
Check: package dependencies
Result: ERROR
    Package required but not available: ‘RVAideMemoire’
    
    See section ‘The DESCRIPTION file’ in the ‘Writing R Extensions’
    manual.
Flavor: r-release-osx-x86_64