CRAN Package Check Results for Package AvInertia

Last updated on 2024-06-19 06:57:56 CEST.

Flavor Version Tinstall Tcheck Ttotal Status Flags
r-devel-linux-x86_64-debian-clang 0.0.2 4.52 168.27 172.79 NOTE
r-devel-linux-x86_64-debian-gcc 0.0.2 3.45 113.72 117.17 NOTE
r-devel-linux-x86_64-fedora-clang 0.0.2 201.78 NOTE
r-devel-linux-x86_64-fedora-gcc 0.0.2 202.36 NOTE
r-devel-windows-x86_64 0.0.2 7.00 128.00 135.00 NOTE
r-patched-linux-x86_64 0.0.2 6.13 155.14 161.27 NOTE
r-release-linux-x86_64 0.0.2 3.51 157.38 160.89 NOTE
r-release-macos-arm64 0.0.2 53.00 NOTE
r-release-macos-x86_64 0.0.2 90.00 NOTE
r-release-windows-x86_64 0.0.2 6.00 133.00 139.00 NOTE
r-oldrel-macos-arm64 0.0.2 53.00 OK
r-oldrel-macos-x86_64 0.0.2 87.00 OK
r-oldrel-windows-x86_64 0.0.2 8.00 158.00 166.00 OK

Check Details

Version: 0.0.2
Check: Rd files
Result: NOTE checkRd: (-1) combine_inertialprop.Rd:26: Lost braces in \itemize; meant \describe ? checkRd: (-1) combine_inertialprop.Rd:27: Lost braces in \itemize; meant \describe ? checkRd: (-1) combine_inertialprop.Rd:28: Lost braces in \itemize; meant \describe ? checkRd: (-1) combine_inertialprop.Rd:29: Lost braces in \itemize; meant \describe ? checkRd: (-1) combine_inertialprop.Rd:35: Lost braces in \itemize; meant \describe ? checkRd: (-1) compute_feat_inertia.Rd:13-14: Lost braces in \itemize; meant \describe ? checkRd: (-1) compute_feat_inertia.Rd:15: Lost braces in \itemize; meant \describe ? checkRd: (-1) compute_feat_inertia.Rd:21-23: Lost braces in \itemize; meant \describe ? checkRd: (-1) compute_feat_inertia.Rd:24-25: Lost braces in \itemize; meant \describe ? checkRd: (-1) compute_feat_inertia.Rd:26-27: Lost braces in \itemize; meant \describe ? checkRd: (-1) compute_feat_inertia.Rd:28-29: Lost braces in \itemize; meant \describe ? checkRd: (-1) compute_feat_inertia.Rd:30-31: Lost braces in \itemize; meant \describe ? checkRd: (-1) compute_feat_inertia.Rd:32-33: Lost braces in \itemize; meant \describe ? checkRd: (-1) compute_feat_inertia.Rd:34-35: Lost braces in \itemize; meant \describe ? checkRd: (-1) compute_feat_inertia.Rd:36: Lost braces in \itemize; meant \describe ? checkRd: (-1) compute_feat_inertia.Rd:44: Lost braces in \itemize; meant \describe ? checkRd: (-1) compute_feat_inertia.Rd:45: Lost braces in \itemize; meant \describe ? checkRd: (-1) compute_feat_inertia.Rd:51: Lost braces in \itemize; \value handles \item{}{} directly checkRd: (-1) compute_feat_inertia.Rd:52: Lost braces in \itemize; \value handles \item{}{} directly checkRd: (-1) compute_feat_inertia.Rd:53: Lost braces in \itemize; \value handles \item{}{} directly checkRd: (-1) compute_feat_inertia.Rd:57: Lost braces in \itemize; \value handles \item{}{} directly checkRd: (-1) compute_feat_inertia.Rd:58: Lost braces in \itemize; \value handles \item{}{} directly checkRd: (-1) compute_feat_inertia.Rd:59: Lost braces in \itemize; \value handles \item{}{} directly checkRd: (-1) massprop_birdwing.Rd:23: Lost braces in \itemize; meant \describe ? checkRd: (-1) massprop_birdwing.Rd:24: Lost braces in \itemize; meant \describe ? checkRd: (-1) massprop_birdwing.Rd:25: Lost braces in \itemize; meant \describe ? checkRd: (-1) massprop_birdwing.Rd:26: Lost braces in \itemize; meant \describe ? checkRd: (-1) massprop_birdwing.Rd:32: Lost braces in \itemize; meant \describe ? checkRd: (-1) massprop_birdwing.Rd:33: Lost braces in \itemize; meant \describe ? checkRd: (-1) massprop_birdwing.Rd:34: Lost braces in \itemize; meant \describe ? checkRd: (-1) massprop_birdwing.Rd:35: Lost braces in \itemize; meant \describe ? checkRd: (-1) massprop_birdwing.Rd:36-37: Lost braces in \itemize; meant \describe ? checkRd: (-1) massprop_birdwing.Rd:38-39: Lost braces in \itemize; meant \describe ? checkRd: (-1) massprop_birdwing.Rd:40-41: Lost braces in \itemize; meant \describe ? checkRd: (-1) massprop_birdwing.Rd:42: Lost braces in \itemize; meant \describe ? checkRd: (-1) massprop_birdwing.Rd:43: Lost braces in \itemize; meant \describe ? checkRd: (-1) massprop_birdwing.Rd:49-50: Lost braces in \itemize; meant \describe ? checkRd: (-1) massprop_birdwing.Rd:51-52: Lost braces in \itemize; meant \describe ? checkRd: (-1) massprop_birdwing.Rd:53-54: Lost braces in \itemize; meant \describe ? checkRd: (-1) massprop_birdwing.Rd:55-56: Lost braces in \itemize; meant \describe ? checkRd: (-1) massprop_birdwing.Rd:57-58: Lost braces in \itemize; meant \describe ? checkRd: (-1) massprop_birdwing.Rd:64-66: Lost braces in \itemize; meant \describe ? checkRd: (-1) massprop_birdwing.Rd:67-68: Lost braces in \itemize; meant \describe ? checkRd: (-1) massprop_birdwing.Rd:69-70: Lost braces in \itemize; meant \describe ? checkRd: (-1) massprop_birdwing.Rd:71-72: Lost braces in \itemize; meant \describe ? checkRd: (-1) massprop_birdwing.Rd:73-74: Lost braces in \itemize; meant \describe ? checkRd: (-1) massprop_birdwing.Rd:75-76: Lost braces in \itemize; meant \describe ? checkRd: (-1) massprop_birdwing.Rd:77-78: Lost braces in \itemize; meant \describe ? checkRd: (-1) massprop_birdwing.Rd:79: Lost braces in \itemize; meant \describe ? checkRd: (-1) massprop_birdwing.Rd:87-88: Lost braces in \itemize; meant \describe ? checkRd: (-1) massprop_birdwing.Rd:89: Lost braces in \itemize; meant \describe ? checkRd: (-1) massprop_birdwing.Rd:94: Lost braces in \itemize; meant \describe ? checkRd: (-1) massprop_birdwing.Rd:95: Lost braces in \itemize; meant \describe ? checkRd: (-1) massprop_birdwing.Rd:96: Lost braces in \itemize; meant \describe ? checkRd: (-1) massprop_birdwing.Rd:97: Lost braces in \itemize; meant \describe ? checkRd: (-1) massprop_birdwing.Rd:98-99: Lost braces in \itemize; meant \describe ? checkRd: (-1) massprop_birdwing.Rd:100: Lost braces in \itemize; meant \describe ? checkRd: (-1) massprop_birdwing.Rd:101-102: Lost braces in \itemize; meant \describe ? checkRd: (-1) massprop_birdwing.Rd:103-104: Lost braces in \itemize; meant \describe ? checkRd: (-1) massprop_birdwing.Rd:105: Lost braces in \itemize; meant \describe ? checkRd: (-1) massprop_birdwing.Rd:106-107: Lost braces in \itemize; meant \describe ? checkRd: (-1) massprop_birdwing.Rd:112: Lost braces in \itemize; meant \describe ? checkRd: (-1) massprop_birdwing.Rd:113: Lost braces in \itemize; meant \describe ? checkRd: (-1) massprop_birdwing.Rd:114: Lost braces in \itemize; meant \describe ? checkRd: (-1) massprop_birdwing.Rd:118: Lost braces in \itemize; meant \describe ? checkRd: (-1) massprop_birdwing.Rd:119: Lost braces in \itemize; meant \describe ? checkRd: (-1) massprop_birdwing.Rd:120: Lost braces in \itemize; meant \describe ? checkRd: (-1) massprop_bones.Rd:29-30: Lost braces in \itemize; \value handles \item{}{} directly checkRd: (-1) massprop_bones.Rd:31-32: Lost braces in \itemize; \value handles \item{}{} directly checkRd: (-1) massprop_bones.Rd:33: Lost braces in \itemize; \value handles \item{}{} directly checkRd: (-1) massprop_feathers.Rd:49-51: Lost braces in \itemize; \value handles \item{}{} directly checkRd: (-1) massprop_feathers.Rd:52-54: Lost braces in \itemize; \value handles \item{}{} directly checkRd: (-1) massprop_feathers.Rd:55: Lost braces in \itemize; \value handles \item{}{} directly checkRd: (-1) massprop_head.Rd:25-26: Lost braces in \itemize; \value handles \item{}{} directly checkRd: (-1) massprop_head.Rd:27-28: Lost braces in \itemize; \value handles \item{}{} directly checkRd: (-1) massprop_head.Rd:29: Lost braces in \itemize; \value handles \item{}{} directly checkRd: (-1) massprop_muscles.Rd:25-26: Lost braces in \itemize; \value handles \item{}{} directly checkRd: (-1) massprop_muscles.Rd:27-28: Lost braces in \itemize; \value handles \item{}{} directly checkRd: (-1) massprop_muscles.Rd:29: Lost braces in \itemize; \value handles \item{}{} directly checkRd: (-1) massprop_neck.Rd:23: Lost braces in \itemize; \value handles \item{}{} directly checkRd: (-1) massprop_neck.Rd:24: Lost braces in \itemize; \value handles \item{}{} directly checkRd: (-1) massprop_neck.Rd:25: Lost braces in \itemize; \value handles \item{}{} directly checkRd: (-1) massprop_pm.Rd:18-19: Lost braces in \itemize; \value handles \item{}{} directly checkRd: (-1) massprop_pm.Rd:20-21: Lost braces in \itemize; \value handles \item{}{} directly checkRd: (-1) massprop_pm.Rd:22: Lost braces in \itemize; \value handles \item{}{} directly checkRd: (-1) massprop_restbody.Rd:14: Lost braces in \itemize; meant \describe ? checkRd: (-1) massprop_restbody.Rd:15: Lost braces in \itemize; meant \describe ? checkRd: (-1) massprop_restbody.Rd:16: Lost braces in \itemize; meant \describe ? checkRd: (-1) massprop_restbody.Rd:17: Lost braces in \itemize; meant \describe ? checkRd: (-1) massprop_restbody.Rd:23-24: Lost braces in \itemize; meant \describe ? checkRd: (-1) massprop_restbody.Rd:25: Lost braces in \itemize; meant \describe ? checkRd: (-1) massprop_restbody.Rd:26: Lost braces in \itemize; meant \describe ? checkRd: (-1) massprop_restbody.Rd:27: Lost braces in \itemize; meant \describe ? checkRd: (-1) massprop_restbody.Rd:28: Lost braces in \itemize; meant \describe ? checkRd: (-1) massprop_restbody.Rd:29: Lost braces in \itemize; meant \describe ? checkRd: (-1) massprop_restbody.Rd:30: Lost braces in \itemize; meant \describe ? checkRd: (-1) massprop_restbody.Rd:31: Lost braces in \itemize; meant \describe ? checkRd: (-1) massprop_restbody.Rd:32: Lost braces in \itemize; meant \describe ? checkRd: (-1) massprop_restbody.Rd:33: Lost braces in \itemize; meant \describe ? checkRd: (-1) massprop_restbody.Rd:34: Lost braces in \itemize; meant \describe ? checkRd: (-1) massprop_restbody.Rd:35: Lost braces in \itemize; meant \describe ? checkRd: (-1) massprop_restbody.Rd:36: Lost braces in \itemize; meant \describe ? checkRd: (-1) massprop_restbody.Rd:37: Lost braces in \itemize; meant \describe ? checkRd: (-1) massprop_restbody.Rd:38: Lost braces in \itemize; meant \describe ? checkRd: (-1) massprop_restbody.Rd:39-40: Lost braces in \itemize; meant \describe ? checkRd: (-1) massprop_restbody.Rd:41-42: Lost braces in \itemize; meant \describe ? checkRd: (-1) massprop_restbody.Rd:43-44: Lost braces in \itemize; meant \describe ? checkRd: (-1) massprop_restbody.Rd:45-46: Lost braces in \itemize; meant \describe ? checkRd: (-1) massprop_restbody.Rd:47-48: Lost braces in \itemize; meant \describe ? checkRd: (-1) massprop_skin.Rd:29-30: Lost braces in \itemize; \value handles \item{}{} directly checkRd: (-1) massprop_skin.Rd:31-32: Lost braces in \itemize; \value handles \item{}{} directly checkRd: (-1) massprop_skin.Rd:33: Lost braces in \itemize; \value handles \item{}{} directly checkRd: (-1) massprop_tail.Rd:25-26: Lost braces in \itemize; \value handles \item{}{} directly checkRd: (-1) massprop_tail.Rd:27-28: Lost braces in \itemize; \value handles \item{}{} directly checkRd: (-1) massprop_tail.Rd:29: Lost braces in \itemize; \value handles \item{}{} directly checkRd: (-1) massprop_torso.Rd:54-55: Lost braces in \itemize; \value handles \item{}{} directly checkRd: (-1) massprop_torso.Rd:56-57: Lost braces in \itemize; \value handles \item{}{} directly checkRd: (-1) massprop_torso.Rd:58: Lost braces in \itemize; \value handles \item{}{} directly checkRd: (-1) plot_CGloc.Rd:22: Lost braces in \itemize; meant \describe ? checkRd: (-1) plot_CGloc.Rd:23: Lost braces in \itemize; meant \describe ? checkRd: (-1) plot_CGloc.Rd:24: Lost braces in \itemize; meant \describe ? checkRd: (-1) plot_CGloc.Rd:25: Lost braces in \itemize; meant \describe ? checkRd: (-1) plot_CGloc.Rd:26-27: Lost braces in \itemize; meant \describe ? checkRd: (-1) plot_CGloc.Rd:28: Lost braces in \itemize; meant \describe ? checkRd: (-1) plot_CGloc.Rd:29: Lost braces in \itemize; meant \describe ? checkRd: (-1) plot_CGloc.Rd:30-31: Lost braces in \itemize; meant \describe ? checkRd: (-1) plot_CGloc.Rd:32-33: Lost braces in \itemize; meant \describe ? checkRd: (-1) plot_CGloc.Rd:34-35: Lost braces in \itemize; meant \describe ? checkRd: (-1) store_data.Rd:13: Lost braces in \itemize; meant \describe ? checkRd: (-1) store_data.Rd:14: Lost braces in \itemize; meant \describe ? checkRd: (-1) store_data.Rd:15: Lost braces in \itemize; meant \describe ? checkRd: (-1) store_data.Rd:16: Lost braces in \itemize; meant \describe ? checkRd: (-1) store_data.Rd:22: Lost braces in \itemize; meant \describe ? checkRd: (-1) store_data.Rd:23: Lost braces in \itemize; meant \describe ? checkRd: (-1) structural2VRP_feat.Rd:31-33: Lost braces in \itemize; \value handles \item{}{} directly checkRd: (-1) structural2VRP_feat.Rd:34-36: Lost braces in \itemize; \value handles \item{}{} directly checkRd: (-1) structural2VRP_feat.Rd:37: Lost braces in \itemize; \value handles \item{}{} directly Flavors: r-devel-linux-x86_64-debian-clang, r-devel-linux-x86_64-debian-gcc, r-devel-linux-x86_64-fedora-clang, r-devel-linux-x86_64-fedora-gcc, r-devel-windows-x86_64, r-patched-linux-x86_64, r-release-linux-x86_64, r-release-macos-arm64, r-release-macos-x86_64, r-release-windows-x86_64

Version: 0.0.2
Check: dependencies in R code
Result: NOTE Namespaces in Imports field not imported from: ‘readxl’ ‘reshape2’ ‘stringr’ ‘tidyr’ All declared Imports should be used. Flavors: r-devel-linux-x86_64-fedora-clang, r-devel-linux-x86_64-fedora-gcc