CRAN Package Check Results for Package AzureContainers

Last updated on 2022-01-16 05:51:13 CET.

Flavor Version Tinstall Tcheck Ttotal Status Flags
r-devel-linux-x86_64-debian-clang 1.3.2 7.44 41.83 49.27 OK
r-devel-linux-x86_64-debian-gcc 1.3.2 6.69 35.42 42.11 OK
r-devel-linux-x86_64-fedora-clang 1.3.2 62.52 NOTE
r-devel-linux-x86_64-fedora-gcc 1.3.2 52.94 NOTE
r-devel-windows-x86_64-new-UL 1.3.2 137.00 89.00 226.00 OK
r-devel-windows-x86_64-new-TK 1.3.2 NOTE
r-patched-linux-x86_64 1.3.2 12.08 41.63 53.71 OK
r-release-linux-x86_64 1.3.2 OK
r-release-macos-arm64 1.3.2 NOTE
r-release-macos-x86_64 1.3.2 NOTE
r-release-windows-ix86+x86_64 1.3.2 14.00 54.00 68.00 OK
r-oldrel-macos-x86_64 1.3.2 NOTE
r-oldrel-windows-ix86+x86_64 1.3.2 13.00 53.00 66.00 OK

Check Details

Version: 1.3.2
Check: dependencies in R code
Result: NOTE
    Namespace in Imports field not imported from: ‘openssl’
     All declared Imports should be used.
Flavors: r-devel-linux-x86_64-fedora-clang, r-devel-linux-x86_64-fedora-gcc, r-devel-windows-x86_64-new-TK, r-release-macos-arm64, r-release-macos-x86_64, r-oldrel-macos-x86_64

Version: 1.3.2
Check: Rd cross-references
Result: NOTE
    Undeclared package ‘AzureAuth’ in Rd xrefs
Flavor: r-devel-linux-x86_64-fedora-clang