CRAN Package Check Results for Package BAMBI

Last updated on 2021-12-01 05:59:18 CET.

Flavor Version Tinstall Tcheck Ttotal Status Flags
r-devel-linux-x86_64-debian-clang 2.3.3 104.62 132.46 237.08 OK
r-devel-linux-x86_64-debian-gcc 2.3.3 83.52 113.55 197.07 OK
r-devel-linux-x86_64-fedora-clang 2.3.3 345.66 NOTE
r-devel-linux-x86_64-fedora-gcc 2.3.3 330.46 NOTE
r-devel-windows-x86_64-new-UL 2.3.3 151.00 207.00 358.00 OK
r-devel-windows-x86_64-new-TK 2.3.3 NOTE
r-devel-windows-x86_64-old 2.3.3 145.00 124.00 269.00 OK
r-patched-linux-x86_64 2.3.3 95.96 128.06 224.02 OK
r-patched-solaris-x86 2.3.3 347.00 NOTE
r-release-linux-x86_64 2.3.3 102.60 128.86 231.46 OK
r-release-macos-arm64 2.3.3 NOTE
r-release-macos-x86_64 2.3.3 NOTE
r-release-windows-ix86+x86_64 2.3.3 271.00 240.00 511.00 OK
r-oldrel-macos-x86_64 2.3.3 NOTE
r-oldrel-windows-ix86+x86_64 2.3.3 211.00 178.00 389.00 OK

Check Details

Version: 2.3.3
Check: dependencies in R code
Result: NOTE
    Namespace in Imports field not imported from: ‘stats4’
     All declared Imports should be used.
Flavors: r-devel-linux-x86_64-fedora-clang, r-devel-linux-x86_64-fedora-gcc, r-devel-windows-x86_64-new-TK, r-patched-solaris-x86, r-release-macos-arm64, r-release-macos-x86_64, r-oldrel-macos-x86_64

Version: 2.3.3
Check: installed package size
Result: NOTE
     installed size is 5.7Mb
     sub-directories of 1Mb or more:
     libs 5.1Mb
Flavor: r-release-macos-arm64