Last updated on 2021-01-15 05:48:43 CET.
Flavor | Version | Tinstall | Tcheck | Ttotal | Status | Flags |
---|---|---|---|---|---|---|
r-devel-linux-x86_64-debian-clang | 0.1.0 | 65.51 | 31.80 | 97.31 | OK | |
r-devel-linux-x86_64-debian-gcc | 0.1.0 | 41.05 | 25.40 | 66.45 | OK | |
r-devel-linux-x86_64-fedora-clang | 0.1.0 | 135.01 | NOTE | |||
r-devel-linux-x86_64-fedora-gcc | 0.1.0 | 123.26 | OK | |||
r-devel-windows-ix86+x86_64 | 0.1.0 | 131.00 | 85.00 | 216.00 | OK | |
r-patched-linux-x86_64 | 0.1.0 | 48.85 | 31.12 | 79.97 | OK | |
r-patched-solaris-x86 | 0.1.0 | 127.60 | OK | |||
r-release-linux-x86_64 | 0.1.0 | 51.72 | 31.48 | 83.20 | OK | |
r-release-macos-x86_64 | 0.1.0 | NOTE | ||||
r-release-windows-ix86+x86_64 | 0.1.0 | 134.00 | 64.00 | 198.00 | OK | |
r-oldrel-macos-x86_64 | 0.1.0 | NOTE | ||||
r-oldrel-windows-ix86+x86_64 | 0.1.0 | 79.00 | 55.00 | 134.00 | OK |
Version: 0.1.0
Check: installed package size
Result: NOTE
installed size is 6.1Mb
sub-directories of 1Mb or more:
libs 5.6Mb
Flavors: r-devel-linux-x86_64-fedora-clang, r-release-macos-x86_64, r-oldrel-macos-x86_64