CRAN Package Check Results for Package BARIS

Last updated on 2022-11-28 04:54:35 CET.

Flavor Version Tinstall Tcheck Ttotal Status Flags
r-devel-linux-x86_64-debian-clang 1.1.3 12.76 107.79 120.55 OK
r-devel-linux-x86_64-debian-gcc 1.1.3 9.25 80.23 89.48 OK
r-devel-linux-x86_64-fedora-clang 1.1.3 154.24 NOTE
r-devel-linux-x86_64-fedora-gcc 1.1.3 159.91 NOTE
r-devel-windows-x86_64 1.1.3 15.00 131.00 146.00 OK
r-patched-linux-x86_64 1.1.3 13.31 99.69 113.00 OK
r-release-linux-x86_64 1.1.3 10.72 102.03 112.75 OK
r-release-macos-arm64 1.1.3 48.00 NOTE
r-release-macos-x86_64 1.1.3 77.00 NOTE
r-release-windows-x86_64 1.1.3 27.00 130.00 157.00 OK
r-oldrel-macos-arm64 1.1.3 43.00 NOTE
r-oldrel-macos-x86_64 1.1.3 63.00 NOTE
r-oldrel-windows-ix86+x86_64 1.1.3 27.00 126.00 153.00 OK

Check Details

Version: 1.1.3
Check: dependencies in R code
Result: NOTE
    Namespace in Imports field not imported from: ‘rstudioapi’
     All declared Imports should be used.
Flavors: r-devel-linux-x86_64-fedora-clang, r-devel-linux-x86_64-fedora-gcc, r-release-macos-arm64, r-release-macos-x86_64, r-oldrel-macos-arm64, r-oldrel-macos-x86_64