CRAN Package Check Results for Package BB

Last updated on 2019-08-18 05:46:10 CEST.

Flavor Version Tinstall Tcheck Ttotal Status Flags
r-devel-linux-x86_64-debian-clang 2014.10-1 3.55 319.62 323.17 OK
r-devel-linux-x86_64-debian-gcc 2014.10-1 3.05 252.19 255.24 OK
r-devel-linux-x86_64-fedora-clang 2014.10-1 374.60 OK
r-devel-linux-x86_64-fedora-gcc 2014.10-1 370.92 OK
r-devel-windows-ix86+x86_64 2014.10-1 7.00 406.00 413.00 OK
r-patched-linux-x86_64 2014.10-1 2.87 316.95 319.82 OK
r-patched-solaris-x86 2014.10-1 651.60 OK
r-release-linux-x86_64 2014.10-1 3.38 315.45 318.83 OK
r-release-windows-ix86+x86_64 2014.10-1 7.00 394.00 401.00 OK
r-release-osx-x86_64 2014.10-1 WARN
r-oldrel-windows-ix86+x86_64 2014.10-1 13.00 380.00 393.00 OK
r-oldrel-osx-x86_64 2014.10-1 OK

Check Details

Version: 2014.10-1
Check: running R code from vignettes
Result: WARN
    Errors in running code in vignettes:
    when running code in ‘BBvignetteJSS.Stex’
     ...
    Error: package or namespace load failed for ‘Hmisc’ in loadNamespace(i, c(lib.loc, .libPaths()), versionCheck = vI[[i]]):
     there is no package called ‘stringi’
    
    > latex(table1, file = "", caption = table1.caption,
    + caption.loc = "bottom", cgroups = cgroups, n.cgroups = c(3,
    + 3, 3, 1), rgroups = .... [TRUNCATED]
    
     When sourcing ‘BBvignetteJSS.R’:
    Error: could not find function "latex"
    Execution halted
Flavor: r-release-osx-x86_64