CRAN Package Check Results for Package BBRecapture

Last updated on 2021-09-21 05:50:54 CEST.

Flavor Version Tinstall Tcheck Ttotal Status Flags
r-devel-linux-x86_64-debian-clang 0.2 10.45 80.69 91.14 OK
r-devel-linux-x86_64-debian-gcc 0.2 9.31 63.05 72.36 OK
r-devel-linux-x86_64-fedora-clang 0.2 120.00 NOTE
r-devel-linux-x86_64-fedora-gcc 0.2 109.12 NOTE
r-devel-windows-x86_64 0.2 12.00 76.00 88.00 OK
r-devel-windows-x86_64-gcc10-UCRT 0.2 ERROR
r-patched-linux-x86_64 0.2 11.22 78.25 89.47 OK
r-patched-solaris-x86 0.2 164.60 NOTE
r-release-linux-x86_64 0.2 8.93 78.58 87.51 OK
r-release-macos-arm64 0.2 NOTE
r-release-macos-x86_64 0.2 NOTE
r-release-windows-ix86+x86_64 0.2 24.00 100.00 124.00 OK
r-oldrel-macos-x86_64 0.2 NOTE
r-oldrel-windows-ix86+x86_64 0.2 22.00 74.00 96.00 OK

Check Details

Version: 0.2
Check: dependencies in R code
Result: NOTE
    Namespaces in Imports field not imported from:
     ‘locfit’ ‘secr’
     All declared Imports should be used.
Flavors: r-devel-linux-x86_64-fedora-clang, r-devel-linux-x86_64-fedora-gcc, r-devel-windows-x86_64-gcc10-UCRT, r-patched-solaris-x86, r-release-macos-arm64, r-release-macos-x86_64, r-oldrel-macos-x86_64

Version: 0.2
Check: whether package can be installed
Result: WARN
    Found the following significant warnings:
     WARNING: installation-time patches will not be applied, could not get the patches index
Flavor: r-devel-windows-x86_64-gcc10-UCRT

Version: 0.2
Check: PDF version of manual
Result: WARN
    LaTeX errors when creating PDF version.
    This typically indicates Rd problems.
Flavor: r-devel-windows-x86_64-gcc10-UCRT

Version: 0.2
Check: PDF version of manual without hyperrefs or index
Result: ERROR
    Re-running with no redirection of stdout/stderr.
Flavor: r-devel-windows-x86_64-gcc10-UCRT