CRAN Package Check Results for Package BBcor

Last updated on 2022-01-24 05:51:42 CET.

Flavor Version Tinstall Tcheck Ttotal Status Flags
r-devel-linux-x86_64-debian-clang 1.0.3 5.18 68.24 73.42 OK
r-devel-linux-x86_64-debian-gcc 1.0.3 4.26 51.65 55.91 OK
r-devel-linux-x86_64-fedora-clang 1.0.3 89.27 NOTE
r-devel-linux-x86_64-fedora-gcc 1.0.3 79.78 NOTE
r-devel-windows-x86_64-new-UL 1.0.3 170.00 106.00 276.00 OK
r-devel-windows-x86_64-new-TK 1.0.3 NOTE
r-patched-linux-x86_64 1.0.3 4.11 64.54 68.65 OK
r-release-linux-x86_64 1.0.3 4.18 64.13 68.31 OK
r-release-macos-arm64 1.0.3 NOTE
r-release-macos-x86_64 1.0.3 NOTE
r-release-windows-ix86+x86_64 1.0.3 14.00 102.00 116.00 OK
r-oldrel-macos-x86_64 1.0.3 NOTE
r-oldrel-windows-ix86+x86_64 1.0.3 15.00 101.00 116.00 OK

Check Details

Version: 1.0.3
Check: dependencies in R code
Result: NOTE
    Namespace in Imports field not imported from: ‘Rdpack’
     All declared Imports should be used.
Flavors: r-devel-linux-x86_64-fedora-clang, r-devel-linux-x86_64-fedora-gcc, r-devel-windows-x86_64-new-TK, r-release-macos-arm64, r-release-macos-x86_64, r-oldrel-macos-x86_64

Version: 1.0.3
Check: package dependencies
Result: NOTE
    Package suggested but not available for checking: 'BGGM'
Flavor: r-devel-windows-x86_64-new-TK