CRAN Package Check Results for Package BCEE

Last updated on 2019-07-16 05:48:05 CEST.

Flavor Version Tinstall Tcheck Ttotal Status Flags
r-devel-linux-x86_64-debian-clang 1.2 33.08 63.93 97.01 NOTE
r-devel-linux-x86_64-debian-gcc 1.2 26.38 51.11 77.49 NOTE
r-devel-linux-x86_64-fedora-clang 1.2 122.53 NOTE
r-devel-linux-x86_64-fedora-gcc 1.2 121.31 NOTE
r-devel-windows-ix86+x86_64 1.2 81.00 108.00 189.00 OK
r-patched-linux-x86_64 1.2 30.98 63.96 94.94 NOTE
r-patched-solaris-x86 1.2 169.60 OK
r-release-linux-x86_64 1.2 30.47 62.47 92.94 NOTE
r-release-windows-ix86+x86_64 1.2 52.00 150.00 202.00 OK
r-release-osx-x86_64 1.2 OK
r-oldrel-windows-ix86+x86_64 1.2 70.00 104.00 174.00 OK
r-oldrel-osx-x86_64 1.2 OK

Check Details

Version: 1.2
Check: use of SHLIB_OPENMP_*FLAGS in Makefiles
Result: NOTE
     src/Makevars: SHLIB_OPENMP_CXXFLAGS is included in PKG_CXXFLAGS but not in PKG_LIBS
     src/Makevars: SHLIB_OPENMP_CFLAGS is included in PKG_LIBS but linking is by C++
     src/Makevars.win: SHLIB_OPENMP_CXXFLAGS is included in PKG_CXXFLAGS but not in PKG_LIBS
     src/Makevars.win: SHLIB_OPENMP_CFLAGS is included in PKG_LIBS but linking is by C++
    Use of these macros is discussed in sect 1.2.1.1 of 'Writing R
    Extensions'. The macros for different languages may differ so the
    matching macro must be used in PKG_CXXFLAGS (etc) and match that used
    in PKG_LIBS (except for Fortran: see the manual).
Flavors: r-devel-linux-x86_64-debian-clang, r-devel-linux-x86_64-debian-gcc, r-devel-linux-x86_64-fedora-clang, r-devel-linux-x86_64-fedora-gcc, r-patched-linux-x86_64, r-release-linux-x86_64