CRAN Package Check Results for Package BDgraph

Last updated on 2021-10-23 06:13:03 CEST.

Flavor Version Tinstall Tcheck Ttotal Status Flags
r-devel-linux-x86_64-debian-clang 2.64 40.00 52.48 92.48 OK
r-devel-linux-x86_64-debian-gcc 2.64 41.79 45.31 87.10 OK
r-devel-linux-x86_64-fedora-clang 2.64 151.55 OK
r-devel-linux-x86_64-fedora-gcc 2.64 134.78 OK
r-devel-windows-x86_64 2.64 53.00 84.00 137.00 OK
r-devel-windows-x86_64-gcc10-UCRT 2.64 OK
r-patched-linux-x86_64 2.64 44.33 50.45 94.78 OK
r-patched-solaris-x86 2.64 162.30 OK
r-release-linux-x86_64 2.64 46.21 51.05 97.26 OK
r-release-macos-arm64 2.64 NOTE
r-release-macos-x86_64 2.64 OK
r-release-windows-ix86+x86_64 2.64 82.00 80.00 162.00 OK
r-oldrel-macos-x86_64 2.64 OK
r-oldrel-windows-ix86+x86_64 2.64 100.00 91.00 191.00 OK

Check Details

Version: 2.64
Check: installed package size
Result: NOTE
     installed size is 5.6Mb
     sub-directories of 1Mb or more:
     libs 4.3Mb
Flavor: r-release-macos-arm64