CRAN Package Check Results for Package BDgraph

Last updated on 2021-07-23 05:51:44 CEST.

Flavor Version Tinstall Tcheck Ttotal Status Flags
r-devel-linux-x86_64-debian-clang 2.64 50.85 57.33 108.18 OK
r-devel-linux-x86_64-debian-gcc 2.64 39.51 45.45 84.96 OK
r-devel-linux-x86_64-fedora-clang 2.64 149.14 OK
r-devel-linux-x86_64-fedora-gcc 2.64 136.39 OK
r-devel-windows-x86_64 2.64 44.00 56.00 100.00 OK
r-devel-windows-x86_64-gcc10-UCRT 2.64 OK
r-patched-linux-x86_64 2.64 48.10 55.41 103.51 OK
r-patched-solaris-x86 2.64 169.80 OK
r-release-linux-x86_64 2.64 46.40 54.71 101.11 OK
r-release-macos-arm64 2.64 NOTE
r-release-macos-x86_64 2.64 OK
r-release-windows-ix86+x86_64 2.64 99.00 69.00 168.00 OK
r-oldrel-macos-x86_64 2.64 OK
r-oldrel-windows-ix86+x86_64 2.64 99.00 82.00 181.00 OK

Check Details

Version: 2.64
Check: installed package size
Result: NOTE
     installed size is 5.6Mb
     sub-directories of 1Mb or more:
     libs 4.3Mb
Flavor: r-release-macos-arm64