CRAN Package Check Results for Package BDgraph

Last updated on 2019-07-16 05:48:05 CEST.

Flavor Version Tinstall Tcheck Ttotal Status Flags
r-devel-linux-x86_64-debian-clang 2.59 43.88 46.19 90.07 OK
r-devel-linux-x86_64-debian-gcc 2.59 41.30 35.62 76.92 OK
r-devel-linux-x86_64-fedora-clang 2.59 120.05 NOTE
r-devel-linux-x86_64-fedora-gcc 2.59 126.22 OK
r-devel-windows-ix86+x86_64 2.59 122.00 73.00 195.00 OK
r-patched-linux-x86_64 2.59 45.82 46.32 92.14 OK
r-patched-solaris-x86 2.59 151.70 OK
r-release-linux-x86_64 2.59 44.58 45.62 90.20 OK
r-release-windows-ix86+x86_64 2.59 89.00 74.00 163.00 OK
r-release-osx-x86_64 2.59 NOTE
r-oldrel-windows-ix86+x86_64 2.59 124.00 93.00 217.00 OK
r-oldrel-osx-x86_64 2.59 OK

Additional issues

LTO MKL

Check Details

Version: 2.59
Check: installed package size
Result: NOTE
     installed size is 5.5Mb
     sub-directories of 1Mb or more:
     doc 1.2Mb
     libs 3.8Mb
Flavors: r-devel-linux-x86_64-fedora-clang, r-release-osx-x86_64