CRAN Package Check Results for Package BDgraph

Last updated on 2019-10-15 05:47:41 CEST.

Flavor Version Tinstall Tcheck Ttotal Status Flags
r-devel-linux-x86_64-debian-clang 2.61 40.01 40.84 80.85 OK
r-devel-linux-x86_64-debian-gcc 2.61 37.47 34.15 71.62 OK
r-devel-linux-x86_64-fedora-clang 2.61 111.50 NOTE
r-devel-linux-x86_64-fedora-gcc 2.61 117.74 OK
r-devel-windows-ix86+x86_64 2.61 84.00 95.00 179.00 OK
r-patched-linux-x86_64 2.61 37.01 41.04 78.05 OK
r-patched-solaris-x86 2.61 134.40 OK
r-release-linux-x86_64 2.61 37.33 42.06 79.39 OK
r-release-windows-ix86+x86_64 2.61 107.00 72.00 179.00 OK
r-release-osx-x86_64 2.61 OK
r-oldrel-windows-ix86+x86_64 2.61 73.00 65.00 138.00 OK
r-oldrel-osx-x86_64 2.61 OK

Check Details

Version: 2.61
Check: installed package size
Result: NOTE
     installed size is 5.4Mb
     sub-directories of 1Mb or more:
     libs 4.1Mb
Flavor: r-devel-linux-x86_64-fedora-clang