CRAN Package Check Results for Package BE

Last updated on 2019-09-15 05:46:09 CEST.

Flavor Version Tinstall Tcheck Ttotal Status Flags
r-devel-linux-x86_64-debian-clang 0.1.1 2.62 25.26 27.88 NOTE
r-devel-linux-x86_64-debian-gcc 0.1.1 2.31 19.70 22.01 NOTE
r-devel-linux-x86_64-fedora-clang 0.1.1 32.56 NOTE
r-devel-linux-x86_64-fedora-gcc 0.1.1 33.60 NOTE
r-devel-windows-ix86+x86_64 0.1.1 10.00 37.00 47.00 OK
r-patched-linux-x86_64 0.1.1 2.59 24.31 26.90 OK
r-patched-solaris-x86 0.1.1 46.10 OK
r-release-linux-x86_64 0.1.1 2.52 24.02 26.54 OK
r-release-windows-ix86+x86_64 0.1.1 6.00 53.00 59.00 OK
r-release-osx-x86_64 0.1.1 OK
r-oldrel-windows-ix86+x86_64 0.1.1 5.00 38.00 43.00 OK
r-oldrel-osx-x86_64 0.1.1 OK

Check Details

Version: 0.1.1
Check: for non-standard things in the check directory
Result: NOTE
    Found the following files/directories:
     'temp.csv'
Flavors: r-devel-linux-x86_64-debian-clang, r-devel-linux-x86_64-debian-gcc, r-devel-linux-x86_64-fedora-clang, r-devel-linux-x86_64-fedora-gcc