CRAN Package Check Results for Package BE

Last updated on 2019-06-24 05:57:53 CEST.

Flavor Version Tinstall Tcheck Ttotal Status Flags
r-devel-linux-x86_64-debian-clang 0.1.1 2.25 24.34 26.59 NOTE
r-devel-linux-x86_64-debian-gcc 0.1.1 2.07 19.42 21.49 NOTE
r-devel-linux-x86_64-fedora-clang 0.1.1 32.20 NOTE
r-devel-linux-x86_64-fedora-gcc 0.1.1 31.30 NOTE
r-devel-windows-ix86+x86_64 0.1.1 7.00 54.00 61.00 OK
r-patched-linux-x86_64 0.1.1 2.35 23.93 26.28 OK
r-patched-solaris-x86 0.1.1 47.00 OK
r-release-linux-x86_64 0.1.1 2.61 24.25 26.86 OK
r-release-windows-ix86+x86_64 0.1.1 6.00 57.00 63.00 OK
r-release-osx-x86_64 0.1.1 OK
r-oldrel-windows-ix86+x86_64 0.1.1 3.00 37.00 40.00 OK
r-oldrel-osx-x86_64 0.1.1 OK

Check Details

Version: 0.1.1
Check: for non-standard things in the check directory
Result: NOTE
    Found the following files/directories:
     'temp.csv'
Flavors: r-devel-linux-x86_64-debian-clang, r-devel-linux-x86_64-debian-gcc, r-devel-linux-x86_64-fedora-clang, r-devel-linux-x86_64-fedora-gcc