CRAN Package Check Results for Package BGGM

Last updated on 2021-01-15 05:48:44 CET.

Flavor Version Tinstall Tcheck Ttotal Status Flags
r-devel-linux-x86_64-debian-clang 2.0.3 93.48 224.78 318.26 OK
r-devel-linux-x86_64-debian-gcc 2.0.3 58.13 168.37 226.50 OK
r-devel-linux-x86_64-fedora-clang 2.0.3 396.82 NOTE
r-devel-linux-x86_64-fedora-gcc 2.0.3 386.31 OK
r-devel-windows-ix86+x86_64 2.0.3 176.00 358.00 534.00 NOTE
r-patched-linux-x86_64 2.0.3 73.77 208.81 282.58 OK
r-patched-solaris-x86 2.0.3 481.40 NOTE
r-release-linux-x86_64 2.0.3 68.61 208.81 277.42 OK
r-release-macos-x86_64 2.0.3 NOTE
r-release-windows-ix86+x86_64 2.0.3 140.00 293.00 433.00 NOTE
r-oldrel-macos-x86_64 2.0.3 NOTE
r-oldrel-windows-ix86+x86_64 2.0.3 112.00 241.00 353.00 NOTE

Check Details

Version: 2.0.3
Check: installed package size
Result: NOTE
     installed size is 12.2Mb
     sub-directories of 1Mb or more:
     doc 3.3Mb
     help 1.1Mb
     libs 7.0Mb
Flavors: r-devel-linux-x86_64-fedora-clang, r-devel-windows-ix86+x86_64, r-patched-solaris-x86, r-release-macos-x86_64, r-release-windows-ix86+x86_64, r-oldrel-macos-x86_64, r-oldrel-windows-ix86+x86_64