CRAN Package Check Results for Package BHH2

Last updated on 2022-01-25 05:54:36 CET.

Flavor Version Tinstall Tcheck Ttotal Status Flags
r-devel-linux-x86_64-debian-clang 2016.05.31 2.93 43.23 46.16 OK
r-devel-linux-x86_64-debian-gcc 2016.05.31 2.19 37.02 39.21 OK
r-devel-linux-x86_64-fedora-clang 2016.05.31 57.56 NOTE
r-devel-linux-x86_64-fedora-gcc 2016.05.31 48.05 OK
r-devel-windows-x86_64-new-UL 2016.05.31 23.00 80.00 103.00 OK
r-devel-windows-x86_64-new-TK 2016.05.31 OK
r-patched-linux-x86_64 2016.05.31 3.11 42.52 45.63 OK
r-release-linux-x86_64 2016.05.31 2.79 41.71 44.50 OK
r-release-macos-arm64 2016.05.31 OK
r-release-macos-x86_64 2016.05.31 OK
r-release-windows-ix86+x86_64 2016.05.31 6.00 55.00 61.00 OK
r-oldrel-macos-x86_64 2016.05.31 OK
r-oldrel-windows-ix86+x86_64 2016.05.31 6.00 56.00 62.00 OK

Check Details

Version: 2016.05.31
Check: Rd cross-references
Result: NOTE
    Undeclared package ‘conf.design’ in Rd xrefs
Flavor: r-devel-linux-x86_64-fedora-clang