CRAN Package Check Results for Package BIFIEsurvey

Last updated on 2019-07-16 05:48:05 CEST.

Flavor Version Tinstall Tcheck Ttotal Status Flags
r-devel-linux-x86_64-debian-clang 3.3-12 140.97 108.28 249.25 OK
r-devel-linux-x86_64-debian-gcc 3.3-12 116.29 85.10 201.39 OK
r-devel-linux-x86_64-fedora-clang 3.3-12 332.94 NOTE
r-devel-linux-x86_64-fedora-gcc 3.3-12 355.14 OK
r-devel-windows-ix86+x86_64 3.3-12 331.00 243.00 574.00 OK
r-patched-linux-x86_64 3.3-12 130.37 106.40 236.77 OK
r-patched-solaris-x86 3.3-12 374.60 OK
r-release-linux-x86_64 3.3-12 132.25 106.57 238.82 OK
r-release-windows-ix86+x86_64 3.3-12 225.00 166.00 391.00 OK
r-release-osx-x86_64 3.3-12 NOTE
r-oldrel-windows-ix86+x86_64 3.3-12 311.00 209.00 520.00 OK
r-oldrel-osx-x86_64 3.3-12 NOTE

Check Details

Version: 3.3-12
Check: installed package size
Result: NOTE
     installed size is 10.0Mb
     sub-directories of 1Mb or more:
     data 1.4Mb
     libs 8.1Mb
Flavors: r-devel-linux-x86_64-fedora-clang, r-release-osx-x86_64, r-oldrel-osx-x86_64