Last updated on 2021-01-18 05:47:19 CET.
Flavor | Version | Tinstall | Tcheck | Ttotal | Status | Flags |
---|---|---|---|---|---|---|
r-devel-linux-x86_64-debian-clang | 3.3-12 | 159.35 | 91.10 | 250.45 | OK | |
r-devel-linux-x86_64-debian-gcc | 3.3-12 | 114.63 | 67.08 | 181.71 | OK | |
r-devel-linux-x86_64-fedora-clang | 3.3-12 | 360.41 | NOTE | |||
r-devel-linux-x86_64-fedora-gcc | 3.3-12 | 338.04 | OK | |||
r-devel-windows-ix86+x86_64 | 3.3-12 | 272.00 | 122.00 | 394.00 | NOTE | |
r-patched-linux-x86_64 | 3.3-12 | 130.24 | 82.22 | 212.46 | OK | |
r-patched-solaris-x86 | 3.3-12 | 291.90 | OK | |||
r-release-linux-x86_64 | 3.3-12 | 138.09 | 83.63 | 221.72 | OK | |
r-release-macos-x86_64 | 3.3-12 | NOTE | ||||
r-release-windows-ix86+x86_64 | 3.3-12 | 286.00 | 133.00 | 419.00 | NOTE | |
r-oldrel-macos-x86_64 | 3.3-12 | NOTE | ||||
r-oldrel-windows-ix86+x86_64 | 3.3-12 | 320.00 | 148.00 | 468.00 | OK |
Version: 3.3-12
Check: installed package size
Result: NOTE
installed size is 12.4Mb
sub-directories of 1Mb or more:
data 1.4Mb
libs 10.4Mb
Flavors: r-devel-linux-x86_64-fedora-clang, r-devel-windows-ix86+x86_64, r-release-macos-x86_64, r-release-windows-ix86+x86_64, r-oldrel-macos-x86_64