CRAN Package Check Results for Package BNPmix

Last updated on 2022-01-26 05:54:09 CET.

Flavor Version Tinstall Tcheck Ttotal Status Flags
r-devel-linux-x86_64-debian-clang 1.0.0 260.02 122.30 382.32 OK
r-devel-linux-x86_64-debian-gcc 1.0.0 180.14 92.92 273.06 OK
r-devel-linux-x86_64-fedora-clang 1.0.0 554.10 NOTE
r-devel-linux-x86_64-fedora-gcc 1.0.0 489.81 OK
r-devel-windows-x86_64-new-UL 1.0.0 194.00 233.00 427.00 OK
r-devel-windows-x86_64-new-TK 1.0.0 ERROR
r-patched-linux-x86_64 1.0.0 211.90 115.52 327.42 OK
r-release-linux-x86_64 1.0.0 171.01 115.05 286.06 OK
r-release-macos-arm64 1.0.0 NOTE
r-release-macos-x86_64 1.0.0 NOTE
r-release-windows-ix86+x86_64 1.0.0 443.00 177.00 620.00 NOTE
r-oldrel-macos-x86_64 1.0.0 NOTE
r-oldrel-windows-ix86+x86_64 1.0.0 569.00 178.00 747.00 NOTE

Check Details

Version: 1.0.0
Check: installed package size
Result: NOTE
     installed size is 15.9Mb
     sub-directories of 1Mb or more:
     libs 14.7Mb
Flavors: r-devel-linux-x86_64-fedora-clang, r-release-macos-arm64, r-release-macos-x86_64, r-release-windows-ix86+x86_64, r-oldrel-macos-x86_64, r-oldrel-windows-ix86+x86_64

Version: 1.0.0
Check: package dependencies
Result: ERROR
    Package required but not available: 'ggpubr'
    
    See section 'The DESCRIPTION file' in the 'Writing R Extensions'
    manual.
Flavor: r-devel-windows-x86_64-new-TK