CRAN Package Check Results for Package BSS

Last updated on 2022-01-24 05:51:43 CET.

Flavor Version Tinstall Tcheck Ttotal Status Flags
r-devel-linux-x86_64-debian-clang 0.1.0 2.42 37.10 39.52 NOTE
r-devel-linux-x86_64-debian-gcc 0.1.0 2.47 28.98 31.45 NOTE
r-devel-linux-x86_64-fedora-clang 0.1.0 50.54 NOTE
r-devel-linux-x86_64-fedora-gcc 0.1.0 39.46 NOTE
r-devel-windows-x86_64-new-UL 0.1.0 24.00 58.00 82.00 NOTE
r-devel-windows-x86_64-new-TK 0.1.0 NOTE
r-patched-linux-x86_64 0.1.0 3.19 36.29 39.48 NOTE
r-release-linux-x86_64 0.1.0 2.52 36.45 38.97 NOTE
r-release-macos-arm64 0.1.0 NOTE
r-release-macos-x86_64 0.1.0 NOTE
r-release-windows-ix86+x86_64 0.1.0 6.00 47.00 53.00 NOTE
r-oldrel-macos-x86_64 0.1.0 OK
r-oldrel-windows-ix86+x86_64 0.1.0 6.00 49.00 55.00 OK

Check Details

Version: 0.1.0
Check: LazyData
Result: NOTE
     'LazyData' is specified without a 'data' directory
Flavors: r-devel-linux-x86_64-debian-clang, r-devel-linux-x86_64-debian-gcc, r-devel-linux-x86_64-fedora-clang, r-devel-linux-x86_64-fedora-gcc, r-devel-windows-x86_64-new-UL, r-devel-windows-x86_64-new-TK, r-patched-linux-x86_64, r-release-linux-x86_64, r-release-macos-arm64, r-release-macos-x86_64, r-release-windows-ix86+x86_64