CRAN Package Check Results for Package BTSPAS

Last updated on 2021-06-19 05:50:03 CEST.

Flavor Version Tinstall Tcheck Ttotal Status Flags
r-devel-linux-x86_64-debian-clang 2021.1.1 12.93 98.68 111.61 OK
r-devel-linux-x86_64-debian-gcc 2021.1.1 8.45 72.48 80.93 OK
r-devel-linux-x86_64-fedora-clang 2021.1.1 139.80 NOTE
r-devel-linux-x86_64-fedora-gcc 2021.1.1 124.92 OK
r-devel-windows-x86_64 2021.1.1 18.00 116.00 134.00 NOTE
r-devel-windows-x86_64-gcc10-UCRT 2021.1.1 OK
r-patched-linux-x86_64 2021.1.1 8.47 92.80 101.27 OK
r-patched-solaris-x86 2021.1.1 178.30 NOTE
r-release-linux-x86_64 2021.1.1 7.62 92.12 99.74 OK
r-release-macos-arm64 2021.1.1 ERROR
r-release-macos-x86_64 2021.1.1 NOTE
r-release-windows-ix86+x86_64 2021.1.1 23.00 112.00 135.00 NOTE
r-oldrel-macos-x86_64 2021.1.1 NOTE
r-oldrel-windows-ix86+x86_64 2021.1.1 17.00 98.00 115.00 NOTE

Check Details

Version: 2021.1.1
Check: installed package size
Result: NOTE
     installed size is 5.2Mb
     sub-directories of 1Mb or more:
     doc 4.8Mb
Flavors: r-devel-linux-x86_64-fedora-clang, r-devel-windows-x86_64, r-patched-solaris-x86, r-release-macos-x86_64, r-release-windows-ix86+x86_64, r-oldrel-macos-x86_64, r-oldrel-windows-ix86+x86_64

Version: 2021.1.1
Check: package dependencies
Result: ERROR
    Package required but not available: ‘R2jags’
    
    See section ‘The DESCRIPTION file’ in the ‘Writing R Extensions’
    manual.
Flavor: r-release-macos-arm64