CRAN Package Check Results for Package BaM

Last updated on 2022-11-27 05:51:26 CET.

Flavor Version Tinstall Tcheck Ttotal Status Flags
r-devel-linux-x86_64-debian-clang 1.0.3 7.67 67.78 75.45 OK
r-devel-linux-x86_64-debian-gcc 1.0.3 6.35 50.13 56.48 OK
r-devel-linux-x86_64-fedora-clang 1.0.3 108.43 OK
r-devel-linux-x86_64-fedora-gcc 1.0.3 104.50 OK
r-devel-windows-x86_64 1.0.3 18.00 100.00 118.00 OK
r-patched-linux-x86_64 1.0.3 5.07 62.10 67.17 OK
r-release-linux-x86_64 1.0.3 5.57 63.00 68.57 OK
r-release-macos-arm64 1.0.3 34.00 OK
r-release-macos-x86_64 1.0.3 40.00 OK
r-release-windows-x86_64 1.0.3 34.00 92.00 126.00 OK
r-oldrel-macos-arm64 1.0.3 33.00 OK
r-oldrel-macos-x86_64 1.0.3 42.00 OK
r-oldrel-windows-ix86+x86_64 1.0.3 3.00 27.00 30.00 ERROR

Check Details

Version: 1.0.3
Check: whether package can be installed
Result: ERROR
    Installation failed.
Flavor: r-oldrel-windows-ix86+x86_64