CRAN Package Check Results for Package BaTFLED3D

Last updated on 2020-01-19 05:47:01 CET.

Flavor Version Tinstall Tcheck Ttotal Status Flags
r-devel-linux-x86_64-debian-clang 0.2.11 12.15 124.30 136.45 OK
r-devel-linux-x86_64-debian-gcc 0.2.11 9.67 90.76 100.43 OK
r-devel-linux-x86_64-fedora-clang 0.2.11 153.49 OK
r-devel-linux-x86_64-fedora-gcc 0.2.11 153.34 OK
r-devel-windows-ix86+x86_64 0.2.11 27.00 167.00 194.00 NOTE
r-devel-windows-ix86+x86_64-gcc8 0.2.11 16.00 126.00 142.00 NOTE
r-patched-linux-x86_64 0.2.11 10.18 106.29 116.47 OK
r-patched-solaris-x86 0.2.11 173.00 OK
r-release-linux-x86_64 0.2.11 9.74 105.98 115.72 OK
r-release-windows-ix86+x86_64 0.2.11 20.00 147.00 167.00 NOTE
r-release-osx-x86_64 0.2.11 OK
r-oldrel-windows-ix86+x86_64 0.2.11 17.00 134.00 151.00 NOTE
r-oldrel-osx-x86_64 0.2.11 OK

Check Details

Version: 0.2.11
Check: package dependencies
Result: NOTE
    Package suggested but not available for checking: 'doMC'
Flavors: r-devel-windows-ix86+x86_64, r-devel-windows-ix86+x86_64-gcc8, r-release-windows-ix86+x86_64, r-oldrel-windows-ix86+x86_64