CRAN Package Check Results for Package BallMapper

Last updated on 2024-06-21 06:58:09 CEST.

Flavor Version Tinstall Tcheck Ttotal Status Flags
r-devel-linux-x86_64-debian-clang 0.2.0 8.35 36.72 45.07 NOTE
r-devel-linux-x86_64-debian-gcc 0.2.0 5.19 26.95 32.14 NOTE
r-devel-linux-x86_64-fedora-clang 0.2.0 53.81 NOTE
r-devel-linux-x86_64-fedora-gcc 0.2.0 51.47 NOTE
r-devel-windows-x86_64 0.2.0 7.00 49.00 56.00 NOTE
r-patched-linux-x86_64 0.2.0 7.53 33.14 40.67 NOTE
r-release-linux-x86_64 0.2.0 6.01 34.94 40.95 NOTE
r-release-macos-arm64 0.2.0 21.00 NOTE
r-release-macos-x86_64 0.2.0 35.00 NOTE
r-release-windows-x86_64 0.2.0 8.00 54.00 62.00 NOTE
r-oldrel-macos-arm64 0.2.0 22.00 NOTE
r-oldrel-macos-x86_64 0.2.0 29.00 NOTE
r-oldrel-windows-x86_64 0.2.0 10.00 52.00 62.00 NOTE

Check Details

Version: 0.2.0
Check: LazyData
Result: NOTE 'LazyData' is specified without a 'data' directory Flavors: r-devel-linux-x86_64-debian-clang, r-devel-linux-x86_64-debian-gcc, r-devel-linux-x86_64-fedora-clang, r-devel-linux-x86_64-fedora-gcc, r-devel-windows-x86_64, r-patched-linux-x86_64, r-release-linux-x86_64, r-release-macos-arm64, r-release-macos-x86_64, r-release-windows-x86_64, r-oldrel-macos-arm64, r-oldrel-macos-x86_64, r-oldrel-windows-x86_64

Version: 0.2.0
Check: dependencies in R code
Result: NOTE Namespace in Imports field not imported from: ‘testthat’ All declared Imports should be used. Flavors: r-devel-linux-x86_64-fedora-clang, r-devel-linux-x86_64-fedora-gcc