CRAN Package Check Results for Package Barycenter

Last updated on 2021-01-15 05:48:43 CET.

Flavor Version Tinstall Tcheck Ttotal Status Flags
r-devel-linux-x86_64-debian-clang 1.3.1 67.21 31.94 99.15 OK
r-devel-linux-x86_64-debian-gcc 1.3.1 43.68 25.16 68.84 OK
r-devel-linux-x86_64-fedora-clang 1.3.1 142.88 NOTE
r-devel-linux-x86_64-fedora-gcc 1.3.1 130.75 OK
r-devel-windows-ix86+x86_64 1.3.1 151.00 97.00 248.00 NOTE
r-patched-linux-x86_64 1.3.1 49.69 31.55 81.24 OK
r-patched-solaris-x86 1.3.1 140.00 OK
r-release-linux-x86_64 1.3.1 51.00 31.52 82.52 OK
r-release-macos-x86_64 1.3.1 NOTE
r-release-windows-ix86+x86_64 1.3.1 152.00 75.00 227.00 NOTE
r-oldrel-macos-x86_64 1.3.1 NOTE
r-oldrel-windows-ix86+x86_64 1.3.1 103.00 64.00 167.00 OK

Check Details

Version: 1.3.1
Check: installed package size
Result: NOTE
     installed size is 6.1Mb
     sub-directories of 1Mb or more:
     data 2.8Mb
     libs 3.1Mb
Flavors: r-devel-linux-x86_64-fedora-clang, r-devel-windows-ix86+x86_64, r-release-macos-x86_64, r-release-windows-ix86+x86_64, r-oldrel-macos-x86_64