CRAN Package Check Results for Package BatchGetSymbols

Last updated on 2024-06-13 06:57:55 CEST.

Flavor Version Tinstall Tcheck Ttotal Status Flags
r-devel-linux-x86_64-debian-clang 2.6.4 4.35 67.11 71.46 OK
r-devel-linux-x86_64-debian-gcc 2.6.4 0.27 1.84 2.11 ERROR
r-devel-linux-x86_64-fedora-clang 2.6.4 93.09 OK
r-devel-linux-x86_64-fedora-gcc 2.6.4 99.29 OK
r-devel-windows-x86_64 2.6.4 7.00 69.00 76.00 OK
r-patched-linux-x86_64 2.6.4 5.67 63.20 68.87 OK
r-release-linux-x86_64 2.6.4 5.57 64.58 70.15 OK
r-release-macos-arm64 2.6.4 39.00 OK
r-release-macos-x86_64 2.6.4 76.00 OK
r-release-windows-x86_64 2.6.4 8.00 77.00 85.00 OK
r-oldrel-macos-arm64 2.6.4 38.00 OK
r-oldrel-macos-x86_64 2.6.4 52.00 OK
r-oldrel-windows-x86_64 2.6.4 8.00 78.00 86.00 OK

Check Details

Version: 2.6.4
Check: package dependencies
Result: ERROR Packages required but not available: 'rvest', 'dplyr', 'stringr', 'tidyr', 'lubridate', 'furrr', 'purrr', 'tibble' Packages suggested but not available for checking: 'testthat', 'ggplot2' See section ‘The DESCRIPTION file’ in the ‘Writing R Extensions’ manual. Flavor: r-devel-linux-x86_64-debian-gcc