CRAN Package Check Results for Package BatchJobs

Last updated on 2022-12-08 06:56:36 CET.

Flavor Version Tinstall Tcheck Ttotal Status Flags
r-devel-linux-x86_64-debian-clang 1.9 11.85 230.94 242.79 OK
r-devel-linux-x86_64-debian-gcc 1.9 9.20 205.59 214.79 OK
r-devel-linux-x86_64-fedora-clang 1.9 312.88 OK
r-devel-linux-x86_64-fedora-gcc 1.9 299.90 OK
r-devel-windows-x86_64 1.9 103.00 401.00 504.00 OK
r-patched-linux-x86_64 1.9 13.62 219.17 232.79 OK
r-release-linux-x86_64 1.9 10.44 222.41 232.85 OK
r-release-macos-arm64 1.9 105.00 OK
r-release-macos-x86_64 1.9 120.00 OK
r-release-windows-x86_64 1.9 109.00 343.00 452.00 OK
r-oldrel-macos-arm64 1.9 95.00 OK
r-oldrel-macos-x86_64 1.9 126.00 OK
r-oldrel-windows-ix86+x86_64 1.9 26.00 290.00 316.00 WARN

Check Details

Version: 1.9
Check: for unstated dependencies in ‘tests’
Result: WARN
    Warning: unable to access index for repository https://bioconductor.org/packages/3.14/bioc/src/contrib:
     cannot open URL 'https://bioconductor.org/packages/3.14/bioc/src/contrib/PACKAGES'
    Warning: unable to access index for repository https://bioconductor.org/packages/3.14/data/annotation/src/contrib:
     cannot open URL 'https://bioconductor.org/packages/3.14/data/annotation/src/contrib/PACKAGES'
    Warning: unable to access index for repository https://bioconductor.org/packages/3.14/data/experiment/src/contrib:
     cannot open URL 'https://bioconductor.org/packages/3.14/data/experiment/src/contrib/PACKAGES'
Flavor: r-oldrel-windows-ix86+x86_64