CRAN Package Check Results for Package BatchJobs

Last updated on 2021-06-18 05:48:38 CEST.

Flavor Version Tinstall Tcheck Ttotal Status Flags
r-devel-linux-x86_64-debian-clang 1.8 10.98 225.11 236.09 NOTE
r-devel-linux-x86_64-debian-gcc 1.8 7.38 191.39 198.77 NOTE
r-devel-linux-x86_64-fedora-clang 1.8 281.42 NOTE
r-devel-linux-x86_64-fedora-gcc 1.8 269.34 NOTE
r-devel-windows-x86_64 1.8 15.00 291.00 306.00 NOTE
r-devel-windows-x86_64-gcc10-UCRT 1.8 NOTE
r-patched-linux-x86_64 1.8 11.42 213.93 225.35 NOTE
r-patched-solaris-x86 1.8 417.00 NOTE
r-release-linux-x86_64 1.8 9.20 216.29 225.49 NOTE
r-release-macos-arm64 1.8 NOTE
r-release-macos-x86_64 1.8 NOTE
r-release-windows-ix86+x86_64 1.8 20.00 284.00 304.00 NOTE
r-oldrel-macos-x86_64 1.8 OK
r-oldrel-windows-ix86+x86_64 1.8 14.00 295.00 309.00 OK

Check Details

Version: 1.8
Check: LazyData
Result: NOTE
     'LazyData' is specified without a 'data' directory
Flavors: r-devel-linux-x86_64-debian-clang, r-devel-linux-x86_64-debian-gcc, r-devel-linux-x86_64-fedora-clang, r-devel-linux-x86_64-fedora-gcc, r-devel-windows-x86_64, r-devel-windows-x86_64-gcc10-UCRT, r-patched-linux-x86_64, r-patched-solaris-x86, r-release-linux-x86_64, r-release-macos-arm64, r-release-macos-x86_64, r-release-windows-ix86+x86_64