CRAN Package Check Results for Package BayesBEKK

Last updated on 2021-10-24 05:54:58 CEST.

Flavor Version Tinstall Tcheck Ttotal Status Flags
r-devel-linux-x86_64-debian-clang 0.1.0 5.53 57.96 63.49 NOTE
r-devel-linux-x86_64-debian-gcc 0.1.0 4.62 43.55 48.17 NOTE
r-devel-linux-x86_64-fedora-clang 0.1.0 83.54 NOTE
r-devel-linux-x86_64-fedora-gcc 0.1.0 74.62 NOTE
r-devel-windows-x86_64 0.1.0 10.00 60.00 70.00 NOTE
r-devel-windows-x86_64-gcc10-UCRT 0.1.0 NOTE
r-patched-linux-x86_64 0.1.0 5.65 55.50 61.15 NOTE
r-patched-solaris-x86 0.1.0 105.90 NOTE
r-release-linux-x86_64 0.1.0 5.29 55.50 60.79 NOTE
r-release-macos-arm64 0.1.0 NOTE
r-release-macos-x86_64 0.1.0 NOTE
r-release-windows-ix86+x86_64 0.1.0 10.00 78.00 88.00 NOTE
r-oldrel-macos-x86_64 0.1.0 OK
r-oldrel-windows-ix86+x86_64 0.1.0 14.00 83.00 97.00 OK

Check Details

Version: 0.1.0
Check: LazyData
Result: NOTE
     'LazyData' is specified without a 'data' directory
Flavors: r-devel-linux-x86_64-debian-clang, r-devel-linux-x86_64-debian-gcc, r-devel-linux-x86_64-fedora-clang, r-devel-linux-x86_64-fedora-gcc, r-devel-windows-x86_64, r-devel-windows-x86_64-gcc10-UCRT, r-patched-linux-x86_64, r-patched-solaris-x86, r-release-linux-x86_64, r-release-macos-arm64, r-release-macos-x86_64, r-release-windows-ix86+x86_64