CRAN Package Check Results for Package BayesComm

Last updated on 2021-01-15 05:48:44 CET.

Flavor Version Tinstall Tcheck Ttotal Status Flags
r-devel-linux-x86_64-debian-clang 0.1-2 47.07 31.99 79.06 OK
r-devel-linux-x86_64-debian-gcc 0.1-2 29.77 25.07 54.84 OK
r-devel-linux-x86_64-fedora-clang 0.1-2 117.69 NOTE
r-devel-linux-x86_64-fedora-gcc 0.1-2 103.26 NOTE
r-devel-windows-ix86+x86_64 0.1-2 113.00 80.00 193.00 OK
r-patched-linux-x86_64 0.1-2 39.66 30.93 70.59 OK
r-patched-solaris-x86 0.1-2 102.00 OK
r-release-linux-x86_64 0.1-2 36.91 30.88 67.79 OK
r-release-macos-x86_64 0.1-2 OK
r-release-windows-ix86+x86_64 0.1-2 114.00 66.00 180.00 OK
r-oldrel-macos-x86_64 0.1-2 OK
r-oldrel-windows-ix86+x86_64 0.1-2 78.00 55.00 133.00 OK

Check Details

Version: 0.1-2
Check: compiled code
Result: NOTE
    File ‘BayesComm/libs/BayesComm.so’:
     Found no calls to: ‘R_registerRoutines’, ‘R_useDynamicSymbols’
    
    It is good practice to register native routines and to disable symbol
    search.
    
    See ‘Writing portable packages’ in the ‘Writing R Extensions’ manual.
Flavors: r-devel-linux-x86_64-fedora-clang, r-devel-linux-x86_64-fedora-gcc