Last updated on 2021-01-19 05:47:56 CET.
Flavor | Version | Tinstall | Tcheck | Ttotal | Status | Flags |
---|---|---|---|---|---|---|
r-devel-linux-x86_64-debian-clang | 0.1.19 | 59.46 | 80.34 | 139.80 | OK | |
r-devel-linux-x86_64-debian-gcc | 0.1.19 | 36.81 | 63.55 | 100.36 | OK | |
r-devel-linux-x86_64-fedora-clang | 0.1.19 | 189.83 | NOTE | |||
r-devel-linux-x86_64-fedora-gcc | 0.1.19 | 184.00 | NOTE | |||
r-devel-windows-ix86+x86_64 | 0.1.19 | 106.00 | 106.00 | 212.00 | OK | |
r-patched-linux-x86_64 | 0.1.19 | 45.82 | 75.80 | 121.62 | OK | |
r-patched-solaris-x86 | 0.1.19 | 199.20 | NOTE | |||
r-release-linux-x86_64 | 0.1.19 | 47.80 | 74.62 | 122.42 | OK | |
r-release-macos-x86_64 | 0.1.19 | NOTE | ||||
r-release-windows-ix86+x86_64 | 0.1.19 | 118.00 | 114.00 | 232.00 | OK | |
r-oldrel-macos-x86_64 | 0.1.19 | NOTE | ||||
r-oldrel-windows-ix86+x86_64 | 0.1.19 | 95.00 | 90.00 | 185.00 | OK |
Version: 0.1.19
Check: dependencies in R code
Result: NOTE
Namespaces in Imports field not imported from:
‘MASS’ ‘MatrixModels’
All declared Imports should be used.
Flavors: r-devel-linux-x86_64-fedora-clang, r-devel-linux-x86_64-fedora-gcc, r-patched-solaris-x86, r-release-macos-x86_64, r-oldrel-macos-x86_64