CRAN Package Check Results for Package BayesLN

Last updated on 2021-06-20 05:48:17 CEST.

Flavor Version Tinstall Tcheck Ttotal Status Flags
r-devel-linux-x86_64-debian-clang 0.2.2 55.70 87.62 143.32 OK
r-devel-linux-x86_64-debian-gcc 0.2.2 36.59 67.62 104.21 OK
r-devel-linux-x86_64-fedora-clang 0.2.2 188.30 NOTE
r-devel-linux-x86_64-fedora-gcc 0.2.2 168.19 OK
r-devel-windows-x86_64 0.2.2 62.00 119.00 181.00 OK
r-devel-windows-x86_64-gcc10-UCRT 0.2.2 OK
r-patched-linux-x86_64 0.2.2 44.03 85.52 129.55 OK
r-patched-solaris-x86 0.2.2 200.00 OK
r-release-linux-x86_64 0.2.2 47.51 86.08 133.59 OK
r-release-macos-arm64 0.2.2 NOTE
r-release-macos-x86_64 0.2.2 NOTE
r-release-windows-ix86+x86_64 0.2.2 112.00 149.00 261.00 OK
r-oldrel-macos-x86_64 0.2.2 NOTE
r-oldrel-windows-ix86+x86_64 0.2.2 77.00 117.00 194.00 OK

Check Details

Version: 0.2.2
Check: installed package size
Result: NOTE
     installed size is 10.1Mb
     sub-directories of 1Mb or more:
     libs 9.8Mb
Flavors: r-devel-linux-x86_64-fedora-clang, r-release-macos-arm64, r-release-macos-x86_64, r-oldrel-macos-x86_64