Last updated on 2023-12-11 05:51:44 CET.
Flavor | Version | Tinstall | Tcheck | Ttotal | Status | Flags |
---|---|---|---|---|---|---|
r-devel-linux-x86_64-debian-clang | 0.3.2 | 6.28 | 209.41 | 215.69 | OK | |
r-devel-linux-x86_64-debian-gcc | 0.3.2 | 5.00 | 170.24 | 175.24 | OK | |
r-devel-linux-x86_64-fedora-clang | 0.3.2 | 301.22 | NOTE | |||
r-devel-linux-x86_64-fedora-gcc | 0.3.2 | 287.90 | NOTE | |||
r-devel-windows-x86_64 | 0.3.2 | 9.00 | 222.00 | 231.00 | OK | |
r-patched-linux-x86_64 | 0.3.2 | 6.72 | 230.02 | 236.74 | OK | |
r-release-linux-x86_64 | 0.3.2 | 6.17 | 225.81 | 231.98 | OK | |
r-release-macos-arm64 | 0.3.2 | 100.00 | OK | |||
r-release-macos-x86_64 | 0.3.2 | 160.00 | OK | |||
r-release-windows-x86_64 | 0.3.2 | 9.00 | 251.00 | 260.00 | OK | |
r-oldrel-macos-arm64 | 0.3.2 | 104.00 | NOTE | |||
r-oldrel-macos-x86_64 | 0.3.2 | 132.00 | NOTE | |||
r-oldrel-windows-x86_64 | 0.3.2 | 10.00 | 257.00 | 267.00 | OK |
Version: 0.3.2
Check: dependencies in R code
Result: NOTE
Namespaces in Imports field not imported from:
‘HDInterval’ ‘MCMCpack’ ‘R2WinBUGS’ ‘R2jags’ ‘carData’ ‘rjags’
All declared Imports should be used.
Flavors: r-devel-linux-x86_64-fedora-clang, r-devel-linux-x86_64-fedora-gcc, r-oldrel-macos-arm64, r-oldrel-macos-x86_64