CRAN Package Check Results for Package BayesSPsurv

Last updated on 2022-01-27 05:55:46 CET.

Flavor Version Tinstall Tcheck Ttotal Status Flags
r-devel-linux-x86_64-debian-clang 0.1.4 60.00 166.78 226.78 OK
r-devel-linux-x86_64-debian-gcc 0.1.4 43.78 124.43 168.21 OK
r-devel-linux-x86_64-fedora-clang 0.1.4 275.76 NOTE
r-devel-linux-x86_64-fedora-gcc 0.1.4 269.27 NOTE
r-devel-windows-x86_64-new-UL 0.1.4 117.00 200.00 317.00 OK
r-devel-windows-x86_64-new-TK 0.1.4 NOTE
r-patched-linux-x86_64 0.1.4 51.26 147.81 199.07 OK
r-release-linux-x86_64 0.1.4 53.03 147.64 200.67 OK
r-release-macos-arm64 0.1.4 NOTE
r-release-macos-x86_64 0.1.4 NOTE
r-release-windows-ix86+x86_64 0.1.4 140.00 234.00 374.00 OK
r-oldrel-macos-x86_64 0.1.4 NOTE
r-oldrel-windows-ix86+x86_64 0.1.4 142.00 236.00 378.00 OK

Check Details

Version: 0.1.4
Check: dependencies in R code
Result: NOTE
    Namespace in Imports field not imported from: ‘Rcpp’
     All declared Imports should be used.
Flavors: r-devel-linux-x86_64-fedora-clang, r-devel-linux-x86_64-fedora-gcc, r-devel-windows-x86_64-new-TK, r-release-macos-arm64, r-release-macos-x86_64, r-oldrel-macos-x86_64