CRAN Package Check Results for Package BcDiag

Last updated on 2021-12-06 05:53:03 CET.

Flavor Version Tinstall Tcheck Ttotal Status Flags
r-devel-linux-x86_64-debian-clang 1.0.10 6.00 59.12 65.12 NOTE
r-devel-linux-x86_64-debian-gcc 1.0.10 4.45 54.10 58.55 NOTE
r-devel-linux-x86_64-fedora-clang 1.0.10 91.89 NOTE
r-devel-linux-x86_64-fedora-gcc 1.0.10 83.96 NOTE
r-devel-windows-x86_64-new-UL 1.0.10 13.00 100.00 113.00 OK
r-devel-windows-x86_64-new-TK 1.0.10 OK
r-devel-windows-x86_64-old 1.0.10 9.00 68.00 77.00 OK
r-patched-linux-x86_64 1.0.10 6.01 58.46 64.47 NOTE
r-release-linux-x86_64 1.0.10 5.46 66.80 72.26 NOTE
r-release-macos-arm64 1.0.10 OK
r-release-macos-x86_64 1.0.10 OK
r-release-windows-ix86+x86_64 1.0.10 12.00 90.00 102.00 OK
r-oldrel-macos-x86_64 1.0.10 OK
r-oldrel-windows-ix86+x86_64 1.0.10 12.00 88.00 100.00 OK

Check Details

Version: 1.0.10
Check: for non-standard things in the check directory
Result: NOTE
    Found the following files/directories:
     'fabiabreast.txt'
Flavors: r-devel-linux-x86_64-debian-clang, r-devel-linux-x86_64-debian-gcc, r-devel-linux-x86_64-fedora-clang, r-devel-linux-x86_64-fedora-gcc, r-patched-linux-x86_64, r-release-linux-x86_64