CRAN Package Check Results for Package Bchron

Last updated on 2022-11-27 05:51:26 CET.

Flavor Version Tinstall Tcheck Ttotal Status Flags
r-devel-linux-x86_64-debian-clang 4.7.6 11.10 469.24 480.34 NOTE
r-devel-linux-x86_64-debian-gcc 4.7.6 8.33 344.96 353.29 NOTE
r-devel-linux-x86_64-fedora-clang 4.7.6 596.22 NOTE
r-devel-linux-x86_64-fedora-gcc 4.7.6 565.49 NOTE
r-devel-windows-x86_64 4.7.6 34.00 502.00 536.00 NOTE
r-patched-linux-x86_64 4.7.6 14.63 428.31 442.94 OK
r-release-linux-x86_64 4.7.6 10.40 437.05 447.45 OK
r-release-macos-arm64 4.7.6 183.00 OK
r-release-macos-x86_64 4.7.6 413.00 OK
r-release-windows-x86_64 4.7.6 26.00 515.00 541.00 OK
r-oldrel-macos-arm64 4.7.6 309.00 OK
r-oldrel-macos-x86_64 4.7.6 275.00 OK
r-oldrel-windows-ix86+x86_64 4.7.6 25.00 732.00 757.00 OK

Check Details

Version: 4.7.6
Check: Rd files
Result: NOTE
    checkRd: (-1) Glendalough.Rd:19: Escaped LaTeX specials: \&
    checkRd: (-1) Sluggan.Rd:19: Escaped LaTeX specials: \&
Flavors: r-devel-linux-x86_64-debian-clang, r-devel-linux-x86_64-debian-gcc, r-devel-linux-x86_64-fedora-clang, r-devel-linux-x86_64-fedora-gcc, r-devel-windows-x86_64