CRAN Package Check Results for Package BeSS

Last updated on 2022-01-24 05:51:43 CET.

Flavor Version Tinstall Tcheck Ttotal Status Flags
r-devel-linux-x86_64-debian-clang 2.0.3 92.81 97.64 190.45 OK
r-devel-linux-x86_64-debian-gcc 2.0.3 74.93 80.49 155.42 OK
r-devel-linux-x86_64-fedora-clang 2.0.3 262.94 NOTE
r-devel-linux-x86_64-fedora-gcc 2.0.3 248.82 OK
r-devel-windows-x86_64-new-UL 2.0.3 82.00 143.00 225.00 OK
r-devel-windows-x86_64-new-TK 2.0.3 OK
r-patched-linux-x86_64 2.0.3 98.68 100.85 199.53 OK
r-release-linux-x86_64 2.0.3 91.99 99.51 191.50 OK
r-release-macos-arm64 2.0.3 NOTE
r-release-macos-x86_64 2.0.3 NOTE
r-release-windows-ix86+x86_64 2.0.3 202.00 178.00 380.00 OK
r-oldrel-macos-x86_64 2.0.3 NOTE
r-oldrel-windows-ix86+x86_64 2.0.3 205.00 182.00 387.00 OK

Check Details

Version: 2.0.3
Check: installed package size
Result: NOTE
     installed size is 26.3Mb
     sub-directories of 1Mb or more:
     libs 25.2Mb
Flavors: r-devel-linux-x86_64-fedora-clang, r-release-macos-arm64, r-release-macos-x86_64, r-oldrel-macos-x86_64