CRAN Package Check Results for Package BiDimRegression

Last updated on 2020-01-19 05:47:01 CET.

Flavor Version Tinstall Tcheck Ttotal Status Flags
r-devel-linux-x86_64-debian-clang 2.0.0 2.98 33.17 36.15 NOTE
r-devel-linux-x86_64-debian-gcc 2.0.0 2.57 26.62 29.19 NOTE
r-devel-linux-x86_64-fedora-clang 2.0.0 46.02 NOTE
r-devel-linux-x86_64-fedora-gcc 2.0.0 45.75 NOTE
r-devel-windows-ix86+x86_64 2.0.0 11.00 65.00 76.00 OK
r-devel-windows-ix86+x86_64-gcc8 2.0.0 7.00 46.00 53.00 OK
r-patched-linux-x86_64 2.0.0 2.89 30.73 33.62 OK
r-patched-solaris-x86 2.0.0 59.60 OK
r-release-linux-x86_64 2.0.0 2.44 30.21 32.65 OK
r-release-windows-ix86+x86_64 2.0.0 10.00 59.00 69.00 OK
r-release-osx-x86_64 2.0.0 OK
r-oldrel-windows-ix86+x86_64 2.0.0 5.00 42.00 47.00 OK
r-oldrel-osx-x86_64 2.0.0 OK

Check Details

Version: 2.0.0
Check: for non-standard things in the check directory
Result: NOTE
    Found the following files/directories:
     'BiDimRegrOutput.txt'
Flavors: r-devel-linux-x86_64-debian-clang, r-devel-linux-x86_64-debian-gcc, r-devel-linux-x86_64-fedora-clang, r-devel-linux-x86_64-fedora-gcc