CRAN Package Check Results for Package BiasedUrn

Last updated on 2021-10-25 05:58:06 CEST.

Flavor Version Tinstall Tcheck Ttotal Status Flags
r-devel-linux-x86_64-debian-clang 1.07 9.45 23.58 33.03 OK
r-devel-linux-x86_64-debian-gcc 1.07 6.68 19.05 25.73 OK
r-devel-linux-x86_64-fedora-clang 1.07 52.55 NOTE
r-devel-linux-x86_64-fedora-gcc 1.07 40.76 NOTE
r-devel-windows-x86_64 1.07 12.00 42.00 54.00 OK
r-devel-windows-x86_64-gcc10-UCRT 1.07 OK
r-patched-linux-x86_64 1.07 8.61 23.44 32.05 OK
r-patched-solaris-x86 1.07 65.80 OK
r-release-linux-x86_64 1.07 8.43 23.59 32.02 OK
r-release-macos-arm64 1.07 OK
r-release-macos-x86_64 1.07 OK
r-release-windows-ix86+x86_64 1.07 23.00 45.00 68.00 OK
r-oldrel-macos-x86_64 1.07 OK
r-oldrel-windows-ix86+x86_64 1.07 18.00 47.00 65.00 OK

Check Details

Version: 1.07
Check: compiled code
Result: NOTE
    File ‘BiasedUrn/libs/BiasedUrn.so’:
     Found no calls to: ‘R_registerRoutines’, ‘R_useDynamicSymbols’
    
    It is good practice to register native routines and to disable symbol
    search.
    
    See ‘Writing portable packages’ in the ‘Writing R Extensions’ manual.
Flavors: r-devel-linux-x86_64-fedora-clang, r-devel-linux-x86_64-fedora-gcc