Last updated on 2021-01-19 05:47:56 CET.
Flavor | Version | Tinstall | Tcheck | Ttotal | Status | Flags |
---|---|---|---|---|---|---|
r-devel-linux-x86_64-debian-clang | 1.0.6 | 102.19 | 58.29 | 160.48 | OK | |
r-devel-linux-x86_64-debian-gcc | 1.0.6 | 76.15 | 46.16 | 122.31 | OK | |
r-devel-linux-x86_64-fedora-clang | 1.0.6 | 225.54 | NOTE | |||
r-devel-linux-x86_64-fedora-gcc | 1.0.6 | 222.50 | OK | |||
r-devel-windows-ix86+x86_64 | 1.0.6 | 146.00 | 92.00 | 238.00 | OK | |
r-patched-linux-x86_64 | 1.0.6 | 89.43 | 57.33 | 146.76 | OK | |
r-patched-solaris-x86 | 1.0.6 | 193.00 | OK | |||
r-release-linux-x86_64 | 1.0.6 | 89.47 | 55.72 | 145.19 | OK | |
r-release-macos-x86_64 | 1.0.6 | NOTE | ||||
r-release-windows-ix86+x86_64 | 1.0.6 | 171.00 | 91.00 | 262.00 | OK | |
r-oldrel-macos-x86_64 | 1.0.6 | NOTE | ||||
r-oldrel-windows-ix86+x86_64 | 1.0.6 | 129.00 | 73.00 | 202.00 | OK |
Version: 1.0.6
Check: installed package size
Result: NOTE
installed size is 18.0Mb
sub-directories of 1Mb or more:
libs 17.4Mb
Flavors: r-devel-linux-x86_64-fedora-clang, r-release-macos-x86_64, r-oldrel-macos-x86_64