CRAN Package Check Results for Package Biocomb

Last updated on 2019-07-16 05:48:05 CEST.

Flavor Version Tinstall Tcheck Ttotal Status Flags
r-devel-linux-x86_64-debian-clang 0.4 49.62 162.10 211.72 OK
r-devel-linux-x86_64-debian-gcc 0.4 42.20 127.25 169.45 OK
r-devel-linux-x86_64-fedora-clang 0.4 266.13 OK
r-devel-linux-x86_64-fedora-gcc 0.4 266.79 OK
r-devel-windows-ix86+x86_64 0.4 136.00 318.00 454.00 OK
r-patched-linux-x86_64 0.4 48.42 161.07 209.49 OK
r-release-linux-x86_64 0.4 55.96 160.84 216.80 OK
r-release-windows-ix86+x86_64 0.4 98.00 234.00 332.00 OK
r-release-osx-x86_64 0.4 WARN
r-oldrel-windows-ix86+x86_64 0.4 115.00 292.00 407.00 OK
r-oldrel-osx-x86_64 0.4 WARN

Check Details

Version: 0.4
Check: whether package can be installed
Result: WARN
    Found the following significant warnings:
     Warning: 'rgl_init' failed, running with rgl.useNULL = TRUE
Flavors: r-release-osx-x86_64, r-oldrel-osx-x86_64