CRAN Package Check Results for Package Biocomb

Last updated on 2019-10-15 05:47:41 CEST.

Flavor Version Tinstall Tcheck Ttotal Status Flags
r-devel-linux-x86_64-debian-clang 0.4 52.79 162.33 215.12 OK
r-devel-linux-x86_64-debian-gcc 0.4 45.92 125.67 171.59 OK
r-devel-linux-x86_64-fedora-clang 0.4 273.51 OK
r-devel-linux-x86_64-fedora-gcc 0.4 278.04 OK
r-devel-windows-ix86+x86_64 0.4 87.00 5.00 92.00 ERROR
r-patched-linux-x86_64 0.4 46.47 162.61 209.08 OK
r-release-linux-x86_64 0.4 47.01 163.00 210.01 OK
r-release-windows-ix86+x86_64 0.4 125.00 313.00 438.00 OK
r-release-osx-x86_64 0.4 WARN
r-oldrel-windows-ix86+x86_64 0.4 83.00 222.00 305.00 OK
r-oldrel-osx-x86_64 0.4 WARN

Check Details

Version: 0.4
Check: whether package can be installed
Result: ERROR
    Installation failed.
Flavor: r-devel-windows-ix86+x86_64

Version: 0.4
Check: whether package can be installed
Result: WARN
    Found the following significant warnings:
     Warning: 'rgl_init' failed, running with rgl.useNULL = TRUE
Flavors: r-release-osx-x86_64, r-oldrel-osx-x86_64