CRAN Package Check Results for Package BiodiversityR

Last updated on 2021-09-25 05:49:31 CEST.

Flavor Version Tinstall Tcheck Ttotal Status Flags
r-devel-linux-x86_64-debian-clang 2.13-1 56.69 286.49 343.18 OK
r-devel-linux-x86_64-debian-gcc 2.13-1 49.42 208.78 258.20 OK
r-devel-linux-x86_64-fedora-clang 2.13-1 475.56 NOTE
r-devel-linux-x86_64-fedora-gcc 2.13-1 430.29 OK
r-devel-windows-x86_64 2.13-1 52.00 200.00 252.00 OK
r-devel-windows-x86_64-gcc10-UCRT 2.13-1 OK
r-patched-linux-x86_64 2.13-1 56.65 276.49 333.14 OK
r-patched-solaris-x86 2.13-1 616.80 OK
r-release-linux-x86_64 2.13-1 50.24 275.13 325.37 OK
r-release-macos-arm64 2.13-1 NOTE
r-release-macos-x86_64 2.13-1 OK
r-release-windows-ix86+x86_64 2.13-1 91.00 285.00 376.00 OK
r-oldrel-macos-x86_64 2.13-1 OK
r-oldrel-windows-ix86+x86_64 2.13-1 67.00 195.00 262.00 OK

Check Details

Version: 2.13-1
Check: Rd cross-references
Result: NOTE
    Undeclared packages ‘ggplot2’, ‘pvclust’ in Rd xrefs
Flavor: r-devel-linux-x86_64-fedora-clang

Version: 2.13-1
Check: package dependencies
Result: NOTE
    Package suggested but not available for checking: ‘RODBC’
Flavor: r-release-macos-arm64