CRAN Package Check Results for Package Biostatistics

Last updated on 2022-01-20 05:50:16 CET.

Flavor Version Tinstall Tcheck Ttotal Status Flags
r-devel-linux-x86_64-debian-clang 1.0.3 OK
r-devel-linux-x86_64-debian-gcc 1.0.4 1.88 21.03 22.91 OK
r-devel-linux-x86_64-fedora-clang 1.0.4 22.45 NOTE
r-devel-linux-x86_64-fedora-gcc 1.0.4 14.58 NOTE
r-devel-windows-x86_64-new-UL 1.0.4 324.00 70.00 394.00 OK
r-devel-windows-x86_64-new-TK 1.0.3 NOTE
r-patched-linux-x86_64 1.0.3 2.66 25.05 27.71 OK
r-release-linux-x86_64 1.0.3 OK
r-release-macos-arm64 1.0.3 NOTE
r-release-macos-x86_64 1.0.3 NOTE
r-release-windows-ix86+x86_64 1.0.3 8.00 36.00 44.00 OK
r-oldrel-macos-x86_64 1.0.3 NOTE
r-oldrel-windows-ix86+x86_64 1.0.3 7.00 36.00 43.00 OK

Check Details

Version: 1.0.4
Check: data for non-ASCII characters
Result: NOTE
     Note: found 46 marked UTF-8 strings
Flavors: r-devel-linux-x86_64-fedora-clang, r-devel-linux-x86_64-fedora-gcc

Version: 1.0.3
Check: data for non-ASCII characters
Result: NOTE
     Note: found 46 marked UTF-8 strings
Flavors: r-devel-windows-x86_64-new-TK, r-release-macos-arm64, r-release-macos-x86_64, r-oldrel-macos-x86_64