CRAN Package Check Results for Package BivGeo

Last updated on 2022-01-19 05:48:19 CET.

Flavor Version Tinstall Tcheck Ttotal Status Flags
r-devel-linux-x86_64-debian-clang 2.0.1 2.89 31.75 34.64 NOTE
r-devel-linux-x86_64-debian-gcc 2.0.1 2.23 27.35 29.58 NOTE
r-devel-linux-x86_64-fedora-clang 2.0.1 43.12 NOTE
r-devel-linux-x86_64-fedora-gcc 2.0.1 31.49 NOTE
r-devel-windows-x86_64-new-UL 2.0.1 16.00 49.00 65.00 NOTE
r-devel-windows-x86_64-new-TK 2.0.1 NOTE
r-patched-linux-x86_64 2.0.1 2.75 30.45 33.20 NOTE
r-release-linux-x86_64 2.0.1 NOTE
r-release-macos-arm64 2.0.1 NOTE
r-release-macos-x86_64 2.0.1 NOTE
r-release-windows-ix86+x86_64 2.0.1 6.00 41.00 47.00 NOTE
r-oldrel-macos-x86_64 2.0.1 OK
r-oldrel-windows-ix86+x86_64 2.0.1 4.00 38.00 42.00 OK

Check Details

Version: 2.0.1
Check: LazyData
Result: NOTE
     'LazyData' is specified without a 'data' directory
Flavors: r-devel-linux-x86_64-debian-clang, r-devel-linux-x86_64-debian-gcc, r-devel-linux-x86_64-fedora-clang, r-devel-linux-x86_64-fedora-gcc, r-devel-windows-x86_64-new-UL, r-devel-windows-x86_64-new-TK, r-patched-linux-x86_64, r-release-linux-x86_64, r-release-macos-arm64, r-release-macos-x86_64, r-release-windows-ix86+x86_64