CRAN Package Check Results for Package Bodi

Last updated on 2022-08-12 05:52:42 CEST.

Flavor Version Tinstall Tcheck Ttotal Status Flags
r-devel-linux-x86_64-debian-clang 0.1.0 2.29 27.38 29.67 OK
r-devel-linux-x86_64-debian-gcc 0.1.0 0.32 2.00 2.32 ERROR
r-devel-linux-x86_64-fedora-clang 0.1.0 46.33 OK
r-devel-linux-x86_64-fedora-gcc 0.1.0 45.14 OK
r-devel-windows-x86_64 0.1.0 5.00 51.00 56.00 OK
r-patched-linux-x86_64 0.1.0 2.40 26.14 28.54 OK
r-release-linux-x86_64 0.1.0 2.43 26.21 28.64 OK
r-release-macos-arm64 0.1.0 16.00 OK
r-release-macos-x86_64 0.1.0 22.00 OK
r-release-windows-x86_64 0.1.0 8.00 54.00 62.00 OK
r-oldrel-macos-arm64 0.1.0 16.00 OK
r-oldrel-macos-x86_64 0.1.0 22.00 OK
r-oldrel-windows-ix86+x86_64 0.1.0 6.00 43.00 49.00 OK

Check Details

Version: 0.1.0
Check: package dependencies
Result: ERROR
    Package required but not available: ‘gbm’
    
    See section ‘The DESCRIPTION file’ in the ‘Writing R Extensions’
    manual.
Flavor: r-devel-linux-x86_64-debian-gcc