CRAN Package Check Results for Package BootstrapQTL

Last updated on 2023-01-31 06:00:58 CET.

Flavor Version Tinstall Tcheck Ttotal Status Flags
r-devel-linux-x86_64-debian-clang 1.0.5 3.28 44.39 47.67 OK
r-devel-linux-x86_64-debian-gcc 1.0.5 2.72 32.72 35.44 OK
r-devel-linux-x86_64-fedora-clang 1.0.5 58.28 OK
r-devel-linux-x86_64-fedora-gcc 1.0.5 56.80 OK
r-devel-windows-x86_64 1.0.5 8.00 79.00 87.00 NOTE
r-patched-linux-x86_64 1.0.5 2.99 42.17 45.16 OK
r-release-linux-x86_64 1.0.5 2.60 41.51 44.11 OK
r-release-macos-arm64 1.0.5 25.00 NOTE
r-release-macos-x86_64 1.0.5 30.00 OK
r-release-windows-x86_64 1.0.5 12.00 77.00 89.00 NOTE
r-oldrel-macos-arm64 1.0.5 30.00 NOTE
r-oldrel-macos-x86_64 1.0.5 40.00 OK
r-oldrel-windows-ix86+x86_64 1.0.5 9.00 71.00 80.00 NOTE

Check Details

Version: 1.0.5
Check: package dependencies
Result: NOTE
    Package suggested but not available for checking: 'doMC'
Flavors: r-devel-windows-x86_64, r-release-windows-x86_64, r-oldrel-windows-ix86+x86_64

Version: 1.0.5
Check: package dependencies
Result: NOTE
    Package suggested but not available for checking: ‘qvalue’
Flavors: r-release-macos-arm64, r-oldrel-macos-arm64

Version: 1.0.5
Check: Rd cross-references
Result: NOTE
    Package unavailable to check Rd xrefs: ‘qvalue’
Flavors: r-release-macos-arm64, r-oldrel-macos-arm64