CRAN Package Check Results for Package C443

Last updated on 2021-12-07 05:55:00 CET.

Flavor Version Tinstall Tcheck Ttotal Status Flags
r-devel-linux-x86_64-debian-clang 3.2.2 10.67 121.62 132.29 OK
r-devel-linux-x86_64-debian-gcc 3.2.2 9.22 97.93 107.15 OK
r-devel-linux-x86_64-fedora-clang 3.2.2 171.81 NOTE
r-devel-linux-x86_64-fedora-gcc 3.2.2 170.76 NOTE
r-devel-windows-x86_64-new-UL 3.2.2 22.00 157.00 179.00 OK
r-devel-windows-x86_64-new-TK 3.2.2 NOTE
r-devel-windows-x86_64-old 3.2.2 19.00 147.00 166.00 OK
r-patched-linux-x86_64 3.2.2 7.33 122.49 129.82 OK
r-release-linux-x86_64 3.2.2 7.64 123.39 131.03 OK
r-release-macos-arm64 3.2.2 NOTE
r-release-macos-x86_64 3.2.2 NOTE
r-release-windows-ix86+x86_64 3.2.2 18.00 143.00 161.00 OK
r-oldrel-macos-x86_64 3.2.2 NOTE
r-oldrel-windows-ix86+x86_64 3.2.2 27.00 147.00 174.00 OK

Check Details

Version: 3.2.2
Check: dependencies in R code
Result: NOTE
    Namespaces in Imports field not imported from:
     ‘qgraph’ ‘reshape2’
     All declared Imports should be used.
Flavors: r-devel-linux-x86_64-fedora-clang, r-devel-linux-x86_64-fedora-gcc, r-devel-windows-x86_64-new-TK, r-release-macos-arm64, r-release-macos-x86_64, r-oldrel-macos-x86_64