CRAN Package Check Results for Package CALANGO

Last updated on 2021-10-21 05:50:53 CEST.

Flavor Version Tinstall Tcheck Ttotal Status Flags
r-devel-linux-x86_64-debian-clang 1.0.5 7.60 59.12 66.72 OK
r-devel-linux-x86_64-debian-gcc 1.0.5 6.08 45.57 51.65 OK
r-devel-linux-x86_64-fedora-clang 1.0.5 92.03 OK
r-devel-linux-x86_64-fedora-gcc 1.0.5 77.01 OK
r-devel-windows-x86_64 1.0.5 14.00 83.00 97.00 OK
r-devel-windows-x86_64-gcc10-UCRT 1.0.5 ERROR
r-patched-linux-x86_64 1.0.5 8.07 55.89 63.96 OK
r-patched-solaris-x86 1.0.5 112.60 OK
r-release-linux-x86_64 1.0.5 7.66 55.33 62.99 OK
r-release-macos-arm64 1.0.5 OK
r-release-macos-x86_64 1.0.5 NOTE
r-release-windows-ix86+x86_64 1.0.5 20.00 82.00 102.00 OK
r-oldrel-macos-x86_64 1.0.5 NOTE
r-oldrel-windows-ix86+x86_64 1.0.5 20.00 86.00 106.00 OK

Check Details

Version: 1.0.5
Check: package dependencies
Result: ERROR
    Package required but not available: 'taxize'
    
    See section 'The DESCRIPTION file' in the 'Writing R Extensions'
    manual.
Flavor: r-devel-windows-x86_64-gcc10-UCRT

Version: 1.0.5
Check: package dependencies
Result: NOTE
    Package suggested but not available for checking: ‘GO.db’
Flavor: r-release-macos-x86_64

Version: 1.0.5
Check: package dependencies
Result: NOTE
    Package suggested but not available for checking: ‘KEGGREST’
Flavor: r-oldrel-macos-x86_64