CRAN Package Check Results for Package CALIBERrfimpute

Last updated on 2022-01-22 05:10:11 CET.

Flavor Version Tinstall Tcheck Ttotal Status Flags
r-devel-linux-x86_64-debian-clang 1.0-6 6.31 100.13 106.44 OK
r-devel-linux-x86_64-debian-gcc 1.0-6 4.02 77.17 81.19 OK
r-devel-linux-x86_64-fedora-clang 1.0-6 130.89 OK
r-devel-linux-x86_64-fedora-gcc 1.0-6 115.57 OK
r-devel-windows-x86_64-new-UL 1.0-6 81.00 138.00 219.00 OK
r-devel-windows-x86_64-new-TK 1.0-6 OK
r-patched-linux-x86_64 1.0-6 5.66 72.36 78.02 WARN
r-release-linux-x86_64 1.0-6 3.31 72.91 76.22 WARN
r-release-macos-arm64 1.0-6 OK
r-release-macos-x86_64 1.0-6 OK
r-release-windows-ix86+x86_64 1.0-6 14.00 79.00 93.00 WARN
r-oldrel-macos-x86_64 1.0-6 OK
r-oldrel-windows-ix86+x86_64 1.0-6 15.00 85.00 100.00 WARN

Check Details

Version: 1.0-6
Check: re-building of vignette outputs
Result: WARN
    Error(s) in re-building vignettes:
     ...
    --- re-building ‘simstudy_survival.Rnw’ using Sweave
    Loading required package: mice
    
    Attaching package: ‘mice’
    
    The following object is masked from ‘package:stats’:
    
     filter
    
    The following objects are masked from ‘package:base’:
    
     cbind, rbind
    
    Loading required package: randomForest
    randomForest 4.6-14
    Type rfNews() to see new features/changes/bug fixes.
    Loading required package: foreach
    Loading required package: itertools
    Loading required package: iterators
    Warning in parallel::mclapply(1:N, doanalysis) :
     all scheduled cores encountered errors in user code
    
    Error: processing vignette 'simstudy_survival.Rnw' failed with diagnostics:
     chunk 9
    Error in x[[method]] : subscript out of bounds
    
    --- failed re-building ‘simstudy_survival.Rnw’
    
    SUMMARY: processing the following file failed:
     ‘simstudy_survival.Rnw’
    
    Error: Vignette re-building failed.
    Execution halted
Flavors: r-patched-linux-x86_64, r-release-linux-x86_64

Version: 1.0-6
Check: re-building of vignette outputs
Result: WARN
    Error(s) in re-building vignettes:
    --- re-building 'simstudy_survival.Rnw' using Sweave
    Loading required package: mice
    
    Attaching package: 'mice'
    
    The following object is masked from 'package:stats':
    
     filter
    
    The following objects are masked from 'package:base':
    
     cbind, rbind
    
    Loading required package: randomForest
    randomForest 4.6-14
    Type rfNews() to see new features/changes/bug fixes.
    Loading required package: foreach
    Loading required package: itertools
    Loading required package: iterators
    
    Error: processing vignette 'simstudy_survival.Rnw' failed with diagnostics:
     chunk 7
    Error in loadNamespace(x) : there is no package called 'ranger'
    
    --- failed re-building 'simstudy_survival.Rnw'
    
    SUMMARY: processing the following file failed:
     'simstudy_survival.Rnw'
    
    Error: Vignette re-building failed.
    Execution halted
Flavor: r-release-windows-ix86+x86_64

Version: 1.0-6
Check: re-building of vignette outputs
Result: WARN
    Error(s) in re-building vignettes:
    --- re-building 'simstudy_survival.Rnw' using Sweave
    Loading required package: mice
    
    Attaching package: 'mice'
    
    The following object is masked from 'package:stats':
    
     filter
    
    The following objects are masked from 'package:base':
    
     cbind, rbind
    
    Loading required package: randomForest
    randomForest 4.6-14
    Type rfNews() to see new features/changes/bug fixes.
    Loading required package: foreach
    Loading required package: itertools
    Loading required package: iterators
    
    Error: processing vignette 'simstudy_survival.Rnw' failed with diagnostics:
     chunk 7
    Error in loadNamespace(name) : there is no package called 'ranger'
    
    --- failed re-building 'simstudy_survival.Rnw'
    
    SUMMARY: processing the following file failed:
     'simstudy_survival.Rnw'
    
    Error: Vignette re-building failed.
    Execution halted
Flavor: r-oldrel-windows-ix86+x86_64