CRAN Package Check Results for Package CAMAN

Last updated on 2022-01-25 05:54:37 CET.

Flavor Version Tinstall Tcheck Ttotal Status Flags
r-devel-linux-x86_64-debian-clang 0.74 23.82 66.43 90.25 OK
r-devel-linux-x86_64-debian-gcc 0.74 16.35 57.34 73.69 OK
r-devel-linux-x86_64-fedora-clang 0.74 118.49 NOTE
r-devel-linux-x86_64-fedora-gcc 0.74 99.46 NOTE
r-devel-windows-x86_64-new-UL 0.74 55.00 109.00 164.00 OK
r-devel-windows-x86_64-new-TK 0.74 OK
r-patched-linux-x86_64 0.74 16.56 64.10 80.66 OK
r-release-linux-x86_64 0.74 16.05 64.49 80.54 OK
r-release-macos-arm64 0.74 OK
r-release-macos-x86_64 0.74 OK
r-release-windows-ix86+x86_64 0.74 45.00 115.00 160.00 OK
r-oldrel-macos-x86_64 0.74 OK
r-oldrel-windows-ix86+x86_64 0.74 45.00 115.00 160.00 OK

Check Details

Version: 0.74
Check: compiled code
Result: NOTE
    File ‘CAMAN/libs/CAMAN.so’:
     Found no calls to: ‘R_registerRoutines’, ‘R_useDynamicSymbols’
    
    It is good practice to register native routines and to disable symbol
    search.
    
    See ‘Writing portable packages’ in the ‘Writing R Extensions’ manual.
Flavors: r-devel-linux-x86_64-fedora-clang, r-devel-linux-x86_64-fedora-gcc