CRAN Package Check Results for Package CARLIT

Last updated on 2022-01-28 05:48:51 CET.

Flavor Version Tinstall Tcheck Ttotal Status Flags
r-devel-linux-x86_64-debian-clang 1.0 2.10 31.19 33.29 NOTE
r-devel-linux-x86_64-debian-gcc 1.0 1.61 24.19 25.80 NOTE
r-devel-linux-x86_64-fedora-clang 1.0 41.08 NOTE
r-devel-linux-x86_64-fedora-gcc 1.0 30.28 NOTE
r-devel-windows-x86_64-new-UL 1.0 15.00 56.00 71.00 NOTE
r-devel-windows-x86_64-new-TK 1.0 NOTE
r-patched-linux-x86_64 1.0 1.86 29.20 31.06 NOTE
r-release-linux-x86_64 1.0 2.06 29.75 31.81 NOTE
r-release-macos-arm64 1.0 NOTE
r-release-macos-x86_64 1.0 NOTE
r-release-windows-ix86+x86_64 1.0 5.00 36.00 41.00 NOTE
r-oldrel-macos-x86_64 1.0 NOTE
r-oldrel-windows-ix86+x86_64 1.0 4.00 36.00 40.00 NOTE

Check Details

Version: 1.0
Check: R code for possible problems
Result: NOTE
    barplotEQR: no visible global function definition for 'barplot'
    barplotEQR: no visible global function definition for 'abline'
    barplotEQR: no visible global function definition for 'par'
    barplotEQR: no visible global function definition for 'text'
    Undefined global functions or variables:
     abline barplot par text
    Consider adding
     importFrom("graphics", "abline", "barplot", "par", "text")
    to your NAMESPACE file.
Flavors: r-devel-linux-x86_64-debian-clang, r-devel-linux-x86_64-debian-gcc, r-devel-linux-x86_64-fedora-clang, r-devel-linux-x86_64-fedora-gcc, r-devel-windows-x86_64-new-UL, r-devel-windows-x86_64-new-TK, r-patched-linux-x86_64, r-release-linux-x86_64, r-release-macos-arm64, r-release-macos-x86_64, r-release-windows-ix86+x86_64, r-oldrel-macos-x86_64, r-oldrel-windows-ix86+x86_64