CRAN Package Check Results for Package CARrampsOcl

Last updated on 2019-08-18 05:46:10 CEST.

Flavor Version Tinstall Tcheck Ttotal Status Flags
r-devel-linux-x86_64-debian-clang 0.1.4 6.20 74.79 80.99 NOTE
r-devel-linux-x86_64-debian-gcc 0.1.4 5.24 54.21 59.45 NOTE
r-devel-windows-ix86+x86_64 0.1.4 1.00 7.00 8.00 ERROR
r-patched-linux-x86_64 0.1.4 5.53 73.65 79.18 NOTE
r-release-linux-x86_64 0.1.4 5.58 73.53 79.11 NOTE
r-release-osx-x86_64 0.1.4 ERROR
r-oldrel-windows-ix86+x86_64 0.1.4 1.00 4.00 5.00 ERROR
r-oldrel-osx-x86_64 0.1.4 ERROR

Check Details

Version: 0.1.4
Check: R code for possible problems
Result: NOTE
    CARrampsOcl.fit: no visible global function definition for
     'coefficients'
    CARrampsOcl.fit: no visible global function definition for 'lm'
    CARrampsOcl.fit: no visible global function definition for 'runif'
    CARrampsOcl.fit: no visible global function definition for
     'write.table'
    CARrampsOcl.fit: no visible global function definition for 'rgamma'
    CARrampsOcl.fit: no visible global function definition for 'rnorm'
    multivspost2blogandtausqtot : genst: no visible global function
     definition for 'rgamma'
    optimizelogpost: no visible global function definition for 'optim'
    optimizelogpost: no visible global function definition for 'optimize'
    plot2Q: no visible global function definition for 'terrain.colors'
    plot2Q: no visible global function definition for 'par'
    plot3Q: no visible global function definition for 'terrain.colors'
    plot3Q: no visible global function definition for 'par'
    plot3Q: no visible global function definition for 'dev.flush'
    plotCAR1: no visible global function definition for 'terrain.colors'
    plotCAR1: no visible global function definition for 'par'
    plotCAR1plus1Q: no visible global function definition for
     'terrain.colors'
    plotCAR1plus1Q: no visible global function definition for 'par'
    plotCAR1plus1Q: no visible global function definition for 'dev.flush'
    rdirichlet: no visible global function definition for 'rgamma'
    Undefined global functions or variables:
     coefficients dev.flush lm optim optimize par rgamma rnorm runif
     terrain.colors write.table
    Consider adding
     importFrom("grDevices", "dev.flush", "terrain.colors")
     importFrom("graphics", "par")
     importFrom("stats", "coefficients", "lm", "optim", "optimize",
     "rgamma", "rnorm", "runif")
     importFrom("utils", "write.table")
    to your NAMESPACE file.
Flavors: r-devel-linux-x86_64-debian-clang, r-devel-linux-x86_64-debian-gcc, r-patched-linux-x86_64, r-release-linux-x86_64

Version: 0.1.4
Check: for non-standard things in the check directory
Result: NOTE
    Found the following files/directories:
     'params.txt'
Flavors: r-devel-linux-x86_64-debian-clang, r-devel-linux-x86_64-debian-gcc

Version: 0.1.4
Check: package dependencies
Result: ERROR
    Package required but not available: 'OpenCL'
    
    See section 'The DESCRIPTION file' in the 'Writing R Extensions'
    manual.
Flavors: r-devel-windows-ix86+x86_64, r-release-osx-x86_64, r-oldrel-windows-ix86+x86_64, r-oldrel-osx-x86_64