CRAN Package Check Results for Package CDVine

Last updated on 2019-09-20 05:46:51 CEST.

Flavor Version Tinstall Tcheck Ttotal Status Flags
r-devel-linux-x86_64-debian-clang 1.4 15.28 60.44 75.72 OK
r-devel-linux-x86_64-debian-gcc 1.4 14.40 45.30 59.70 OK
r-devel-linux-x86_64-fedora-clang 1.4 93.15 NOTE
r-devel-linux-x86_64-fedora-gcc 1.4 93.74 NOTE
r-devel-windows-ix86+x86_64 1.4 40.00 77.00 117.00 OK
r-patched-linux-x86_64 1.4 15.68 58.69 74.37 OK
r-patched-solaris-x86 1.4 121.40 OK
r-release-linux-x86_64 1.4 15.77 59.68 75.45 OK
r-release-windows-ix86+x86_64 1.4 25.00 126.00 151.00 OK
r-release-osx-x86_64 1.4 OK
r-oldrel-windows-ix86+x86_64 1.4 23.00 73.00 96.00 OK
r-oldrel-osx-x86_64 1.4 OK

Check Details

Version: 1.4
Check: compiled code
Result: NOTE
    File ‘CDVine/libs/CDVine.so’:
     Found no calls to: ‘R_registerRoutines’, ‘R_useDynamicSymbols’
    
    It is good practice to register native routines and to disable symbol
    search.
    
    See ‘Writing portable packages’ in the ‘Writing R Extensions’ manual.
Flavors: r-devel-linux-x86_64-fedora-clang, r-devel-linux-x86_64-fedora-gcc