CRAN Package Check Results for Package CDVine

Last updated on 2020-02-27 05:48:41 CET.

Flavor Version Tinstall Tcheck Ttotal Status Flags
r-devel-linux-x86_64-debian-clang 1.4 17.03 66.74 83.77 OK
r-devel-linux-x86_64-debian-gcc 1.4 14.25 50.13 64.38 OK
r-devel-linux-x86_64-fedora-clang 1.4 110.08 NOTE
r-devel-linux-x86_64-fedora-gcc 1.4 100.13 NOTE
r-devel-windows-ix86+x86_64 1.4 27.00 84.00 111.00 OK
r-devel-windows-ix86+x86_64-gcc8 1.4 28.00 87.00 115.00 OK
r-patched-linux-x86_64 1.4 14.92 59.89 74.81 OK
r-patched-solaris-x86 1.4 129.00 OK
r-release-linux-x86_64 1.4 16.88 59.85 76.73 OK
r-release-windows-ix86+x86_64 1.4 24.00 82.00 106.00 OK
r-release-osx-x86_64 1.4 OK
r-oldrel-windows-ix86+x86_64 1.4 21.00 72.00 93.00 OK
r-oldrel-osx-x86_64 1.4 OK

Check Details

Version: 1.4
Check: compiled code
Result: NOTE
    File ‘CDVine/libs/CDVine.so’:
     Found no calls to: ‘R_registerRoutines’, ‘R_useDynamicSymbols’
    
    It is good practice to register native routines and to disable symbol
    search.
    
    See ‘Writing portable packages’ in the ‘Writing R Extensions’ manual.
Flavors: r-devel-linux-x86_64-fedora-clang, r-devel-linux-x86_64-fedora-gcc